-- https://www.phpmyadmin.net/
--
-- Tempo de geração: 28/01/2026 às 14:57
-- Versão do servidor: 8.4.8
-- Versão do PHP: 8.4.16

START TRANSACTION;



-- --------------------------------------------------------

--
-- Estrutura para tabela `cadastros`
--

CREATE TABLE `cadastros` (
  `id` int NOT NULL,
  `cliente_portal_id` int DEFAULT NULL,
  `tipo` varchar(20) COLLATE utf8mb4_unicode_ci NOT NULL DEFAULT 'precadastro',
  `nome` varchar(255) COLLATE utf8mb4_unicode_ci DEFAULT NULL,
  `email` varchar(255) COLLATE utf8mb4_unicode_ci DEFAULT NULL,
  `celular` varchar(20) COLLATE utf8mb4_unicode_ci DEFAULT NULL,
  `cpf_cnpj` varchar(18) COLLATE utf8mb4_unicode_ci DEFAULT NULL,
  `contrato_id_sgp` varchar(50) COLLATE utf8mb4_unicode_ci DEFAULT NULL,
  `protocolo_sgp` varchar(50) COLLATE utf8mb4_unicode_ci DEFAULT NULL,
  `cidade` varchar(100) COLLATE utf8mb4_unicode_ci DEFAULT NULL,
  `estado` char(2) COLLATE utf8mb4_unicode_ci DEFAULT NULL,
  `preco_porta` varchar(50) COLLATE utf8mb4_unicode_ci DEFAULT NULL,
  `velocidade_porta` varchar(50) COLLATE utf8mb4_unicode_ci DEFAULT NULL,
  `assunto` varchar(255) COLLATE utf8mb4_unicode_ci DEFAULT NULL,
  `observacao` text COLLATE utf8mb4_unicode_ci,
  `data_envio` timestamp NOT NULL DEFAULT CURRENT_TIMESTAMP,
  `status_processamento` varchar(30) COLLATE utf8mb4_unicode_ci NOT NULL DEFAULT 'pendente',
  `resposta_api` text COLLATE utf8mb4_unicode_ci,
  `ip_origem` varchar(45) COLLATE utf8mb4_unicode_ci DEFAULT NULL,
  `plano_id_selecionado` int DEFAULT NULL,
  `vencimento_id_selecionado` int DEFAULT NULL,
  `rg` varchar(50) COLLATE utf8mb4_unicode_ci DEFAULT NULL,
  `rg_emissor` varchar(50) COLLATE utf8mb4_unicode_ci DEFAULT NULL,
  `data_nascimento` date DEFAULT NULL,
  `nome_fantasia` varchar(255) COLLATE utf8mb4_unicode_ci DEFAULT NULL,
  `insc_estadual` varchar(50) COLLATE utf8mb4_unicode_ci DEFAULT NULL,
  `cep` varchar(10) COLLATE utf8mb4_unicode_ci DEFAULT NULL,
  `logradouro` varchar(255) COLLATE utf8mb4_unicode_ci DEFAULT NULL,
  `numero` varchar(20) COLLATE utf8mb4_unicode_ci DEFAULT NULL,
  `complemento` varchar(100) COLLATE utf8mb4_unicode_ci DEFAULT NULL,
  `bairro` varchar(100) COLLATE utf8mb4_unicode_ci DEFAULT NULL,
  `uf` char(2) COLLATE utf8mb4_unicode_ci DEFAULT NULL,
  `ponto_referencia` text COLLATE utf8mb4_unicode_ci,
  `lgpd_aceite` tinyint(1) NOT NULL DEFAULT '0',
  `foi_indicado` tinyint(1) DEFAULT '0',
  `indicador_cpfcnpj` varchar(18) COLLATE utf8mb4_unicode_ci DEFAULT NULL,
  `indicador_id_sgp` int DEFAULT NULL,
  `indicador_nome` varchar(255) COLLATE utf8mb4_unicode_ci DEFAULT NULL
) ENGINE=InnoDB DEFAULT CHARSET=utf8mb4 COLLATE=utf8mb4_unicode_ci COMMENT='Registros de mensagens, pré-cadastro, sugestões e chamados';

-- --------------------------------------------------------

--
-- Estrutura para tabela `configuracoes`
--

CREATE TABLE `configuracoes` (
  `id` tinyint UNSIGNED NOT NULL DEFAULT '1',
  `email_notificacoes` varchar(100) COLLATE utf8mb4_unicode_ci DEFAULT NULL COMMENT 'E-mail para receber notificações do sistema',
  `items_por_pagina` int UNSIGNED NOT NULL DEFAULT '20' COMMENT 'Número de itens por página em listagens',
  `enviar_dados_api_sgp` tinyint(1) NOT NULL DEFAULT '1' COMMENT 'Controla se pre_cadastro.php envia dados p/ API SGP (1=Sim, 0=Não)',
  `timeout_api` int NOT NULL DEFAULT '30'
) ;

--
-- Despejando dados para a tabela `configuracoes`
--

INSERT INTO `configuracoes` (`id`, `email_notificacoes`, `items_por_pagina`, `enviar_dados_api_sgp`, `timeout_api`) VALUES
(1, 'contato@onlyfibra.com.br', 20, 1, 30);

-- --------------------------------------------------------

--
-- Estrutura para tabela `enum_admin_nivel_acesso`
--

CREATE TABLE `enum_admin_nivel_acesso` (
  `valor` varchar(20) COLLATE utf8mb4_unicode_ci NOT NULL
) ENGINE=InnoDB DEFAULT CHARSET=utf8mb4 COLLATE=utf8mb4_unicode_ci;

--
-- Despejando dados para a tabela `enum_admin_nivel_acesso`
--

INSERT INTO `enum_admin_nivel_acesso` (`valor`) VALUES
('admin'),
('financeiro'),
('suporte');

-- --------------------------------------------------------

--
-- Estrutura para tabela `enum_portal_status_acesso`
--

CREATE TABLE `enum_portal_status_acesso` (
  `valor` varchar(30) COLLATE utf8mb4_unicode_ci NOT NULL
) ENGINE=InnoDB DEFAULT CHARSET=utf8mb4 COLLATE=utf8mb4_unicode_ci;

--
-- Despejando dados para a tabela `enum_portal_status_acesso`
--

INSERT INTO `enum_portal_status_acesso` (`valor`) VALUES
('erro_interno'),
('falha_api_sgp'),
('falha_cpf_nao_encontrado'),
('falha_sem_contrato_ativo'),
('sucesso');

-- --------------------------------------------------------

--
-- Estrutura para tabela `enum_portal_status_cliente`
--

CREATE TABLE `enum_portal_status_cliente` (
  `valor` varchar(20) COLLATE utf8mb4_unicode_ci NOT NULL
) ENGINE=InnoDB DEFAULT CHARSET=utf8mb4 COLLATE=utf8mb4_unicode_ci;

--
-- Despejando dados para a tabela `enum_portal_status_cliente`
--

INSERT INTO `enum_portal_status_cliente` (`valor`) VALUES
('ativo'),
('bloqueado'),
('inativo');

-- --------------------------------------------------------

--
-- Estrutura para tabela `enum_portal_status_equipamento`
--

CREATE TABLE `enum_portal_status_equipamento` (
  `valor` varchar(20) COLLATE utf8mb4_unicode_ci NOT NULL
) ENGINE=InnoDB DEFAULT CHARSET=utf8mb4 COLLATE=utf8mb4_unicode_ci;

--
-- Despejando dados para a tabela `enum_portal_status_equipamento`
--

INSERT INTO `enum_portal_status_equipamento` (`valor`) VALUES
('ativo'),
('defeito'),
('retirado'),
('substituido');

-- --------------------------------------------------------

--
-- Estrutura para tabela `enum_portal_status_pagamento_fatura`
--

CREATE TABLE `enum_portal_status_pagamento_fatura` (
  `valor` varchar(20) COLLATE utf8mb4_unicode_ci NOT NULL
) ENGINE=InnoDB DEFAULT CHARSET=utf8mb4 COLLATE=utf8mb4_unicode_ci;

--
-- Despejando dados para a tabela `enum_portal_status_pagamento_fatura`
--

INSERT INTO `enum_portal_status_pagamento_fatura` (`valor`) VALUES
('aberta'),
('cancelada'),
('negociada'),
('paga'),
('parcial'),
('vencida');

-- --------------------------------------------------------

--
-- Estrutura para tabela `enum_portal_status_solicitacao`
--

CREATE TABLE `enum_portal_status_solicitacao` (
  `valor` varchar(30) COLLATE utf8mb4_unicode_ci NOT NULL
) ENGINE=InnoDB DEFAULT CHARSET=utf8mb4 COLLATE=utf8mb4_unicode_ci;

--
-- Despejando dados para a tabela `enum_portal_status_solicitacao`
--

INSERT INTO `enum_portal_status_solicitacao` (`valor`) VALUES
('aguardando_cliente'),
('cancelada_cliente'),
('concluida_erro'),
('concluida_sucesso'),
('em_analise'),
('pendente'),
('recusada');

-- --------------------------------------------------------

--
-- Estrutura para tabela `enum_portal_status_verificacao_comprovante`
--

CREATE TABLE `enum_portal_status_verificacao_comprovante` (
  `valor` varchar(30) COLLATE utf8mb4_unicode_ci NOT NULL
) ENGINE=InnoDB DEFAULT CHARSET=utf8mb4 COLLATE=utf8mb4_unicode_ci;

--
-- Despejando dados para a tabela `enum_portal_status_verificacao_comprovante`
--

INSERT INTO `enum_portal_status_verificacao_comprovante` (`valor`) VALUES
('erro_upload'),
('pendente_verificacao'),
('verificado_invalido'),
('verificado_liberado');

-- --------------------------------------------------------

--
-- Estrutura para tabela `enum_portal_tipo_equipamento`
--

CREATE TABLE `enum_portal_tipo_equipamento` (
  `valor` varchar(30) COLLATE utf8mb4_unicode_ci NOT NULL
) ENGINE=InnoDB DEFAULT CHARSET=utf8mb4 COLLATE=utf8mb4_unicode_ci;

--
-- Despejando dados para a tabela `enum_portal_tipo_equipamento`
--

INSERT INTO `enum_portal_tipo_equipamento` (`valor`) VALUES
('ONU'),
('ONU/Roteador Integrado'),
('Outro'),
('Ponto Extra'),
('Roteador');

-- --------------------------------------------------------

--
-- Estrutura para tabela `enum_portal_tipo_solicitacao`
--

CREATE TABLE `enum_portal_tipo_solicitacao` (
  `valor` varchar(30) COLLATE utf8mb4_unicode_ci NOT NULL
) ENGINE=InnoDB DEFAULT CHARSET=utf8mb4 COLLATE=utf8mb4_unicode_ci;

--
-- Despejando dados para a tabela `enum_portal_tipo_solicitacao`
--

INSERT INTO `enum_portal_tipo_solicitacao` (`valor`) VALUES
('alteracao_dados'),
('alteracao_wifi'),
('contratar_suporte_avancado'),
('contratar_wifi_premium'),
('mudanca_endereco'),
('mudanca_plano'),
('outra'),
('ponto_adicional'),
('servico_extra'),
('troca_roteador');

-- --------------------------------------------------------

--
-- Estrutura para tabela `enum_status_processamento_cadastro`
--

CREATE TABLE `enum_status_processamento_cadastro` (
  `valor` varchar(30) COLLATE utf8mb4_unicode_ci NOT NULL
) ENGINE=InnoDB DEFAULT CHARSET=utf8mb4 COLLATE=utf8mb4_unicode_ci;

--
-- Despejando dados para a tabela `enum_status_processamento_cadastro`
--

INSERT INTO `enum_status_processamento_cadastro` (`valor`) VALUES
('em_analise'),
('fechado'),
('pendente'),
('processado_erro'),
('processado_sucesso'),
('respondido');

-- --------------------------------------------------------

--
-- Estrutura para tabela `enum_status_processamento_tipo`
--

CREATE TABLE `enum_status_processamento_tipo` (
  `valor` varchar(30) COLLATE utf8mb4_unicode_ci NOT NULL
) ENGINE=InnoDB DEFAULT CHARSET=utf8mb4 COLLATE=utf8mb4_unicode_ci;

--
-- Despejando dados para a tabela `enum_status_processamento_tipo`
--

INSERT INTO `enum_status_processamento_tipo` (`valor`) VALUES
('aguardando_contato'),
('aprovado'),
('contrato_realizado_no_sgp'),
('em_analise'),
('inviabilidade_tecnica'),
('reprovado'),
('tentando_contato');

-- --------------------------------------------------------

--
-- Estrutura para tabela `enum_tipo_cadastro`
--

CREATE TABLE `enum_tipo_cadastro` (
  `valor` varchar(20) COLLATE utf8mb4_unicode_ci NOT NULL
) ENGINE=InnoDB DEFAULT CHARSET=utf8mb4 COLLATE=utf8mb4_unicode_ci;

--
-- Despejando dados para a tabela `enum_tipo_cadastro`
--

INSERT INTO `enum_tipo_cadastro` (`valor`) VALUES
('chamado_tecnico'),
('contato_geral'),
('elogio'),
('precadastro'),
('sugestao');

-- --------------------------------------------------------

--
-- Estrutura para tabela `enum_tipo_pessoa`
--

CREATE TABLE `enum_tipo_pessoa` (
  `valor` varchar(2) COLLATE utf8mb4_unicode_ci NOT NULL
) ENGINE=InnoDB DEFAULT CHARSET=utf8mb4 COLLATE=utf8mb4_unicode_ci;

--
-- Despejando dados para a tabela `enum_tipo_pessoa`
--

INSERT INTO `enum_tipo_pessoa` (`valor`) VALUES
('PF'),
('PJ');

-- --------------------------------------------------------

--
-- Estrutura para tabela `portal_comprovantes`
--

CREATE TABLE `portal_comprovantes` (
  `id` int NOT NULL,
  `cliente_portal_id` int NOT NULL,
  `contrato_id_sgp` varchar(50) COLLATE utf8mb4_unicode_ci NOT NULL,
  `fatura_id_sgp` varchar(50) COLLATE utf8mb4_unicode_ci NOT NULL,
  `nome_arquivo_original` varchar(255) COLLATE utf8mb4_unicode_ci NOT NULL,
  `nome_arquivo_armazenado` varchar(255) COLLATE utf8mb4_unicode_ci NOT NULL,
  `caminho_arquivo` varchar(512) COLLATE utf8mb4_unicode_ci NOT NULL,
  `tipo_mime` varchar(100) COLLATE utf8mb4_unicode_ci NOT NULL,
  `tamanho_arquivo_bytes` bigint NOT NULL,
  `data_upload` timestamp NOT NULL DEFAULT CURRENT_TIMESTAMP,
  `status_verificacao` varchar(30) COLLATE utf8mb4_unicode_ci NOT NULL DEFAULT 'pendente_verificacao',
  `observacoes_admin` text COLLATE utf8mb4_unicode_ci,
  `ip_origem` varchar(45) COLLATE utf8mb4_unicode_ci DEFAULT NULL
) ENGINE=InnoDB DEFAULT CHARSET=utf8mb4 COLLATE=utf8mb4_unicode_ci COMMENT='Registros de comprovantes de pagamento enviados pelos clientes';

-- --------------------------------------------------------

--
-- Estrutura para tabela `portal_equipamentos_comodato`
--

CREATE TABLE `portal_equipamentos_comodato` (
  `id` int NOT NULL,
  `cliente_portal_id` int NOT NULL,
  `contrato_id_sgp` varchar(50) COLLATE utf8mb4_unicode_ci NOT NULL,
  `tipo_equipamento` varchar(30) COLLATE utf8mb4_unicode_ci NOT NULL DEFAULT 'Outro',
  `marca` varchar(100) COLLATE utf8mb4_unicode_ci DEFAULT NULL,
  `modelo` varchar(100) COLLATE utf8mb4_unicode_ci DEFAULT NULL,
  `numero_serie` varchar(100) COLLATE utf8mb4_unicode_ci DEFAULT NULL,
  `mac_address` varchar(17) COLLATE utf8mb4_unicode_ci DEFAULT NULL,
  `data_instalacao` date DEFAULT NULL,
  `status_equipamento` varchar(20) COLLATE utf8mb4_unicode_ci NOT NULL DEFAULT 'ativo',
  `observacoes` text COLLATE utf8mb4_unicode_ci
) ENGINE=InnoDB DEFAULT CHARSET=utf8mb4 COLLATE=utf8mb4_unicode_ci COMMENT='Equipamentos em comodato associados ao cliente/contrato';

-- --------------------------------------------------------

--
-- Estrutura para tabela `portal_faturas`
--

CREATE TABLE `portal_faturas` (
  `id` int NOT NULL,
  `cliente_portal_id` int NOT NULL,
  `contrato_id_sgp` varchar(50) COLLATE utf8mb4_unicode_ci NOT NULL,
  `fatura_id_sgp` varchar(50) COLLATE utf8mb4_unicode_ci NOT NULL,
  `numero_documento` varchar(50) COLLATE utf8mb4_unicode_ci DEFAULT NULL,
  `competencia` varchar(7) COLLATE utf8mb4_unicode_ci DEFAULT NULL,
  `data_emissao` date DEFAULT NULL,
  `data_vencimento` date NOT NULL,
  `valor_original` decimal(10,2) NOT NULL,
  `valor_pago` decimal(10,2) DEFAULT NULL,
  `data_pagamento` date DEFAULT NULL,
  `status_pagamento` varchar(20) COLLATE utf8mb4_unicode_ci NOT NULL DEFAULT 'aberta',
  `link_boleto_pdf` varchar(512) COLLATE utf8mb4_unicode_ci DEFAULT NULL,
  `linha_digitavel` varchar(60) COLLATE utf8mb4_unicode_ci DEFAULT NULL,
  `pix_copia_cola` text COLLATE utf8mb4_unicode_ci,
  `data_sync_sgp` timestamp NOT NULL DEFAULT CURRENT_TIMESTAMP
) ENGINE=InnoDB DEFAULT CHARSET=utf8mb4 COLLATE=utf8mb4_unicode_ci COMMENT='Histórico de faturas do cliente';

-- --------------------------------------------------------

--
-- Estrutura para tabela `portal_logs_acesso`
--

CREATE TABLE `portal_logs_acesso` (
  `id` bigint NOT NULL,
  `cpf_cnpj_tentativa` varchar(18) COLLATE utf8mb4_unicode_ci DEFAULT NULL,
  `ip_acesso` varchar(45) COLLATE utf8mb4_unicode_ci DEFAULT NULL,
  `user_agent` text COLLATE utf8mb4_unicode_ci,
  `data_tentativa` timestamp NOT NULL DEFAULT CURRENT_TIMESTAMP,
  `status` varchar(30) COLLATE utf8mb4_unicode_ci NOT NULL,
  `mensagem_status` varchar(255) COLLATE utf8mb4_unicode_ci DEFAULT NULL,
  `cliente_portal_id` int DEFAULT NULL
) ENGINE=InnoDB DEFAULT CHARSET=utf8mb4 COLLATE=utf8mb4_unicode_ci COMMENT='Logs de tentativas de acesso/consulta por CPF';

-- --------------------------------------------------------

--
-- Estrutura para tabela `portal_logs_acoes`
--

CREATE TABLE `portal_logs_acoes` (
  `id` bigint NOT NULL,
  `cliente_portal_id` int NOT NULL,
  `contrato_id_sgp` varchar(50) COLLATE utf8mb4_unicode_ci NOT NULL,
  `acao_realizada` varchar(100) COLLATE utf8mb4_unicode_ci NOT NULL,
  `detalhes_resultado` text COLLATE utf8mb4_unicode_ci,
  `data_acao` timestamp NOT NULL DEFAULT CURRENT_TIMESTAMP,
  `ip_origem` varchar(45) COLLATE utf8mb4_unicode_ci DEFAULT NULL
) ENGINE=InnoDB DEFAULT CHARSET=utf8mb4 COLLATE=utf8mb4_unicode_ci COMMENT='Logs de ações significativas executadas no portal';

-- --------------------------------------------------------

--
-- Estrutura para tabela `portal_pagamentos_pix`
--

CREATE TABLE `portal_pagamentos_pix` (
  `id` bigint NOT NULL,
  `fatura_id` int NOT NULL,
  `cliente_portal_id` int NOT NULL,
  `contrato_id_sgp` varchar(50) COLLATE utf8mb4_unicode_ci NOT NULL,
  `gateway_pagamento` varchar(50) COLLATE utf8mb4_unicode_ci DEFAULT NULL,
  `gateway_transaction_id` varchar(100) COLLATE utf8mb4_unicode_ci DEFAULT NULL,
  `pix_qr_code_data` text COLLATE utf8mb4_unicode_ci,
  `pix_copia_cola_gerado` text COLLATE utf8mb4_unicode_ci,
  `valor_cobrado` decimal(10,2) NOT NULL,
  `status_gateway` varchar(50) COLLATE utf8mb4_unicode_ci DEFAULT NULL,
  `data_criacao_cobranca` timestamp NOT NULL DEFAULT CURRENT_TIMESTAMP,
  `data_expiracao_cobranca` timestamp NULL DEFAULT NULL,
  `data_confirmacao_pagamento` timestamp NULL DEFAULT NULL
) ENGINE=InnoDB DEFAULT CHARSET=utf8mb4 COLLATE=utf8mb4_unicode_ci COMMENT='Rastreamento de transações de pagamento PIX via Gateway';

-- --------------------------------------------------------

--
-- Estrutura para tabela `portal_promessas_pagamento`
--

CREATE TABLE `portal_promessas_pagamento` (
  `id` int NOT NULL,
  `cliente_portal_id` int NOT NULL,
  `contrato_id_sgp` varchar(50) COLLATE utf8mb4_unicode_ci NOT NULL,
  `data_promessa` timestamp NOT NULL DEFAULT CURRENT_TIMESTAMP,
  `mes_referencia` char(7) COLLATE utf8mb4_unicode_ci NOT NULL,
  `log_acao_id` bigint DEFAULT NULL
) ENGINE=InnoDB DEFAULT CHARSET=utf8mb4 COLLATE=utf8mb4_unicode_ci COMMENT='Registro de promessas de pagamento bem-sucedidas';

-- --------------------------------------------------------

--
-- Estrutura para tabela `portal_solicitacoes`
--

CREATE TABLE `portal_solicitacoes` (
  `id` int NOT NULL,
  `cliente_portal_id` int NOT NULL,
  `contrato_id_sgp` varchar(50) COLLATE utf8mb4_unicode_ci NOT NULL,
  `tipo_solicitacao` varchar(30) COLLATE utf8mb4_unicode_ci NOT NULL,
  `detalhes_solicitacao` text COLLATE utf8mb4_unicode_ci NOT NULL,
  `parametro_1` varchar(255) COLLATE utf8mb4_unicode_ci DEFAULT NULL,
  `parametro_2` varchar(255) COLLATE utf8mb4_unicode_ci DEFAULT NULL,
  `data_solicitacao` timestamp NOT NULL DEFAULT CURRENT_TIMESTAMP,
  `status_solicitacao` varchar(30) COLLATE utf8mb4_unicode_ci NOT NULL DEFAULT 'pendente',
  `observacoes_admin` text COLLATE utf8mb4_unicode_ci,
  `data_atualizacao_status` timestamp NULL DEFAULT NULL,
  `updated_at` timestamp NOT NULL DEFAULT CURRENT_TIMESTAMP ON UPDATE CURRENT_TIMESTAMP
) ENGINE=InnoDB DEFAULT CHARSET=utf8mb4 COLLATE=utf8mb4_unicode_ci COMMENT='Solicitações diversas feitas pelo cliente no portal';

-- --------------------------------------------------------

--
-- Estrutura para tabela `precadastros`
--

CREATE TABLE `precadastros` (
  `id` int NOT NULL,
  `tipo` varchar(20) COLLATE utf8mb4_unicode_ci NOT NULL DEFAULT 'precadastro',
  `nome` varchar(255) COLLATE utf8mb4_unicode_ci DEFAULT NULL,
  `email` varchar(255) COLLATE utf8mb4_unicode_ci DEFAULT NULL,
  `celular` varchar(20) COLLATE utf8mb4_unicode_ci DEFAULT NULL,
  `cpf_cnpj` varchar(18) COLLATE utf8mb4_unicode_ci DEFAULT NULL,
  `cidade` varchar(100) COLLATE utf8mb4_unicode_ci DEFAULT NULL,
  `estado` char(2) COLLATE utf8mb4_unicode_ci DEFAULT NULL,
  `observacao` text COLLATE utf8mb4_unicode_ci COMMENT 'Observação do pré-cadastro',
  `rg` varchar(50) COLLATE utf8mb4_unicode_ci DEFAULT NULL,
  `rg_emissor` varchar(50) COLLATE utf8mb4_unicode_ci DEFAULT NULL,
  `data_nascimento` date DEFAULT NULL,
  `nome_fantasia` varchar(255) COLLATE utf8mb4_unicode_ci DEFAULT NULL,
  `insc_estadual` varchar(50) COLLATE utf8mb4_unicode_ci DEFAULT NULL,
  `cep` varchar(10) COLLATE utf8mb4_unicode_ci DEFAULT NULL,
  `logradouro` varchar(255) COLLATE utf8mb4_unicode_ci DEFAULT NULL,
  `numero` varchar(20) COLLATE utf8mb4_unicode_ci DEFAULT NULL,
  `complemento` varchar(100) COLLATE utf8mb4_unicode_ci DEFAULT NULL,
  `bairro` varchar(100) COLLATE utf8mb4_unicode_ci DEFAULT NULL,
  `ponto_referencia` text COLLATE utf8mb4_unicode_ci,
  `tipo_moradia` varchar(50) COLLATE utf8mb4_unicode_ci DEFAULT NULL COMMENT 'Tipo de moradia informada',
  `plano_id_selecionado` int DEFAULT NULL COMMENT 'ID do plano SGP selecionado',
  `vencimento_id_selecionado` int DEFAULT NULL COMMENT 'ID do vencimento SGP selecionado',
  `lgpd_aceite` tinyint(1) NOT NULL DEFAULT '0' COMMENT 'Se aceitou termos LGPD',
  `foi_indicado` tinyint(1) DEFAULT '0' COMMENT 'Se veio por indicação',
  `indicador_cpfcnpj` varchar(18) COLLATE utf8mb4_unicode_ci DEFAULT NULL COMMENT 'CPF/CNPJ do indicador',
  `indicador_id_sgp` int DEFAULT NULL COMMENT 'ID SGP do indicador',
  `indicador_nome` varchar(255) COLLATE utf8mb4_unicode_ci DEFAULT NULL COMMENT 'Nome do indicador',
  `status_processamento` varchar(30) COLLATE utf8mb4_unicode_ci NOT NULL DEFAULT 'em_analise' COMMENT 'Status interno ou da API SGP',
  `resposta_api` text COLLATE utf8mb4_unicode_ci COMMENT 'Resposta completa da API SGP',
  `ip_origem` varchar(45) COLLATE utf8mb4_unicode_ci DEFAULT NULL,
  `data_envio` timestamp NOT NULL DEFAULT CURRENT_TIMESTAMP,
  `vendedor_id` int DEFAULT NULL COMMENT 'ID do Vendedor',
  `email_notificacoes` varchar(100) COLLATE utf8mb4_unicode_ci DEFAULT NULL COMMENT 'E-mail para notificações',
  `items_por_pagina` int UNSIGNED NOT NULL DEFAULT '20',
  `p_processar` tinyint(1) NOT NULL DEFAULT '0' COMMENT 'Se precisa ser processado',
  `tipo_pessoa` varchar(2) COLLATE utf8mb4_unicode_ci DEFAULT NULL COMMENT 'PF ou PJ'
) ENGINE=InnoDB DEFAULT CHARSET=utf8mb4 COLLATE=utf8mb4_unicode_ci COMMENT='Registros de pré-cadastros para integração SGP';

--
-- Despejando dados para a tabela `precadastros`
--

INSERT INTO `precadastros` (`id`, `tipo`, `nome`, `email`, `celular`, `cpf_cnpj`, `cidade`, `estado`, `observacao`, `rg`, `rg_emissor`, `data_nascimento`, `nome_fantasia`, `insc_estadual`, `cep`, `logradouro`, `numero`, `complemento`, `bairro`, `ponto_referencia`, `tipo_moradia`, `plano_id_selecionado`, `vencimento_id_selecionado`, `lgpd_aceite`, `foi_indicado`, `indicador_cpfcnpj`, `indicador_id_sgp`, `indicador_nome`, `status_processamento`, `resposta_api`, `ip_origem`, `data_envio`, `vendedor_id`, `email_notificacoes`, `items_por_pagina`, `p_processar`, `tipo_pessoa`) VALUES
(1, 'precadastro', 'JOAO MARCOS DA SILVA PEREIRA', 'marcospereira899@gmail.com', '83991455714', '70557515432', 'Campina Grande', 'PB', NULL, '43654585000176', '', '1997-05-10', NULL, NULL, '58423050', 'Rua Teresina', '117', NULL, 'Três Irmãs', NULL, 'Casa Alugada', 1, 1, 1, 0, NULL, NULL, NULL, 'reprovado', '{\"error\":true,\"message\":\"Erro na API (HTTP 402): Erro desconhecido na API.\",\"status_internal\":402}', '181.77.99.215', '2025-05-10 22:56:20', NULL, NULL, 20, 1, 'PF'),
(2, 'precadastro', 'JOAO MARCOS DA SILVA PEREIRA', 'marcospereira899@gmail.com', '83991455714', '70557515432', 'Campina Grande', 'PB', NULL, '43654585000176', '', '1997-05-10', NULL, NULL, '58423050', 'Rua Teresina', '117', NULL, 'Três Irmãs', NULL, 'Casa Alugada', 1, 1, 1, 0, NULL, NULL, NULL, 'reprovado', '{\"error\":true,\"message\":\"Erro na API (HTTP 402): Erro desconhecido na API.\",\"status_internal\":402}', '181.77.99.215', '2025-05-10 22:56:27', NULL, NULL, 20, 1, 'PF'),
(3, 'precadastro', 'JOAO MARCOS DA SILVA PEREIRA', 'marcospereira899@gmail.com', '83991455714', '07633086416', 'Campina Grande', 'PB', NULL, '43654585', '', '1970-05-10', NULL, NULL, '58423050', 'Rua Teresina', '117', NULL, 'Três Irmãs', NULL, 'Casa Própria', 1, 1, 1, 1, '70557515432', 212, 'JOAO MARCOS DA SILVA PEREIRA', 'reprovado', '{\"error\":true,\"message\":\"Erro na API (HTTP 402): Erro desconhecido na API.\",\"status_internal\":402}', '181.77.99.215', '2025-05-10 22:57:38', NULL, NULL, 20, 1, 'PF'),
(4, 'precadastro', 'JOAO MARCOS DA SILVA PEREIRA', 'marcospereira899@gmail.com', '83991455714', '07633086416', 'Campina Grande', 'PB', NULL, '4.715.309', '', '1995-05-10', NULL, NULL, '58423050', 'Rua Teresina', '117', NULL, 'Três Irmãs', NULL, 'Casa Alugada', 1, 1, 1, 1, '70557515432', 212, 'JOAO MARCOS DA SILVA PEREIRA', 'reprovado', '{\"error\":true,\"message\":\"Erro na API (HTTP 402): Erro desconhecido na API.\",\"status_internal\":402}', '181.77.99.215', '2025-05-10 23:00:17', NULL, NULL, 20, 1, 'PF'),
(5, 'precadastro', 'JOAO MARCOS DA SILVA PEREIRA', 'marcospereira899@gmail.com', '83991455714', '07633086416', 'Campina Grande', 'PB', NULL, '4.715.309', '', '1995-05-10', NULL, NULL, '58423050', 'Rua Teresina', '117', NULL, 'Três Irmãs', NULL, 'Casa Alugada', 1, 1, 1, 1, '70557515432', 212, 'JOAO MARCOS DA SILVA PEREIRA', 'reprovado', '{\"error\":true,\"message\":\"Erro na API (HTTP 402): Erro desconhecido na API.\",\"status_internal\":402}', '181.77.99.215', '2025-05-10 23:00:25', NULL, NULL, 20, 1, 'PF'),
(6, 'precadastro', 'JOAO MARCOS DA SILVA PEREIRA', 'marcospereira899@gmail.com', '83991455714', '07633086416', 'Campina Grande', 'PB', NULL, '12345678', '', '1998-05-10', NULL, NULL, '58423050', 'Rua Teresina', '117', NULL, 'Três Irmãs', NULL, 'Casa Própria', 1, 1, 1, 1, '70557515432', 212, 'JOAO MARCOS DA SILVA PEREIRA', 'reprovado', '{\"error\":true,\"message\":\"Erro na API (HTTP 402): Erro desconhecido na API.\",\"status_internal\":402}', '186.211.229.8', '2025-05-11 00:25:03', NULL, NULL, 20, 1, 'PF'),
(7, 'precadastro', 'WILLEMBERG PEREIRA SANTOS', 'willembergps@gmail.com', '74991100000', '02918414573', 'Umburanas', 'BA', 'Eu tenho certeza que esse Servidor seu é uma bosta!!!', '1432970402', 'SSP/BA', '1987-06-06', NULL, NULL, '44798970', 'Praça Florisvaldo Carneiro da Cunha', '117', 'Casa', 'Centro', 'Próximo a Igreja Filadélfia', 'Casa Própria', 4, 8, 1, 1, '06033090381', 54, 'ADALCINO JUNIOR ARAUJO TAVARES', 'aprovado', '{\"precadastro_id\":120,\"message\":\"Pre-cadastro criado com sucesso\"}', '131.100.250.255', '2025-05-11 00:28:14', 1, NULL, 20, 0, 'PF'),
(8, 'precadastro', 'Marcos teste Pereira', 'teste@gmail.com', '83991455714', '07633086416', 'Campina Grande', 'PB', NULL, '12345678', '', '1997-05-10', NULL, NULL, '58423050', 'Rua Teresina', '117', NULL, 'Três Irmãs', NULL, 'Casa Própria', 1, 1, 1, 1, '70557515432', 212, 'JOAO MARCOS DA SILVA PEREIRA', 'reprovado', '{\"error\":true,\"message\":\"Erro na API (HTTP 402): Erro desconhecido na API.\",\"status_internal\":402}', '186.211.229.8', '2025-05-11 00:32:18', NULL, NULL, 20, 1, 'PF'),
(9, 'precadastro', 'Teste Marcos', 'teste@gmail.com', '83991455714', '07633086416', 'Campina Grande', 'PB', NULL, '4176655', '', '1992-05-10', NULL, NULL, '58423050', 'Rua Teresina', '117', NULL, 'Três Irmãs', NULL, 'Casa Alugada', 1, 1, 1, 1, '06033090381', 54, 'ADALCINO JUNIOR ARAUJO TAVARES', 'reprovado', '{\"error\":true,\"message\":\"Erro na API (HTTP 402): Erro desconhecido na API.\",\"status_internal\":402}', '186.211.229.8', '2025-05-11 00:58:53', NULL, NULL, 20, 1, 'PF'),
(10, 'precadastro', 'Teste Marcos', 'teste@gmail.com', '83991455714', '07633086416', 'Campina Grande', 'PB', NULL, '4176655', '', '1992-05-10', NULL, NULL, '58423050', 'Rua Teresina', '117', NULL, 'Três Irmãs', NULL, 'Casa Alugada', 1, 1, 1, 1, '06033090381', 54, 'ADALCINO JUNIOR ARAUJO TAVARES', 'reprovado', '{\"error\":true,\"message\":\"Erro na API (HTTP 402): Erro desconhecido na API.\",\"status_internal\":402}', '186.211.229.8', '2025-05-11 01:53:58', NULL, NULL, 20, 1, 'PF'),
(11, 'precadastro', 'Teste Marcos', 'teste@gmail.com', '83991455714', '07633086416', 'Campina Grande', 'PB', NULL, '4176655', '', '1992-05-10', NULL, NULL, '58423050', 'Rua Teresina', '117', NULL, 'Três Irmãs', NULL, 'Casa Alugada', 1, 1, 1, 1, '06033090381', 54, 'ADALCINO JUNIOR ARAUJO TAVARES', 'em_analise', NULL, '186.211.229.8', '2025-05-11 03:10:05', NULL, NULL, 20, 0, 'PF'),
(12, 'precadastro', 'Marcos yeste', 'marcospereira899@gmail.com', '83991455714', '07633086416', 'Campina Grande', 'PB', NULL, '4176655', '', '2000-05-11', NULL, NULL, '58423050', 'Rua Teresina', '117', NULL, 'Três Irmãs', NULL, 'Casa Própria', 1, 1, 1, 1, '70557515432', 212, 'JOAO MARCOS DA SILVA PEREIRA', 'em_analise', NULL, '186.211.229.8', '2025-05-11 03:14:03', NULL, NULL, 20, 0, 'PF'),
(13, 'precadastro', 'JOAO MARCOS DA SILVA PEREIRA', 'marcospereira899@gmail.com', '83991455714', '29251387648', 'Campina Grande', 'PB', NULL, '8795645', '', '1997-07-14', NULL, NULL, '58423050', 'Rua Teresina', '117', NULL, 'Três Irmãs', NULL, 'Casa Própria', 1, 4, 1, 1, '70557515432', 212, 'JOAO MARCOS DA SILVA PEREIRA', 'em_analise', NULL, '186.211.229.8', '2025-05-22 20:24:43', NULL, NULL, 20, 0, 'PF'),
(14, 'precadastro', 'Leticia Medeiros Farias', 'leticiamedeiros822@gmail.com', '86981385431', '70781343461', 'Campina Grande', 'PB', '11:30', '4220595', 'SSP', '1998-07-29', NULL, NULL, '58412280', 'Rua Geógrafo Milton Almeida dos Santos', '477', 'Apto E4 102', 'Aluízio Campos', 'Kelly Farma', 'Casa Própria', 1, 4, 1, 0, NULL, NULL, NULL, 'em_analise', NULL, '45.175.218.140', '2025-05-27 01:23:37', NULL, NULL, 20, 0, 'PF'),
(15, 'precadastro', 'Leticia a Medeiros Farias', 'leticiamedeiros822@gmail.com', '86981385431', '70781343461', 'Campina Grande', 'PB', '9:00', '4220595', 'SSP', '2025-07-27', NULL, NULL, '58412280', 'Rua Geógrafo Milton Almeida dos Santos', '477', 'Apto E4 102', 'Aluízio Campos', 'Kelly Farma', 'Casa Própria', 1, 4, 1, 0, NULL, NULL, NULL, 'em_analise', NULL, '206.42.29.238', '2025-05-27 11:42:21', NULL, NULL, 20, 0, 'PF'),
(16, 'precadastro', 'Maria José Rodrigues', 'aninha.m14@hormail.com', '83987327684', '64520528453', 'Campina Grande', 'PB', 'Já está instalado, estou precisando trocar só o nome do titular do plano', '1460613', '', '1968-07-20', NULL, NULL, '58414530', 'Rua Venezuela', '221A', NULL, 'Tambor', 'Em frente ao posto paulistano', 'Casa Própria', 1, 8, 1, 0, NULL, NULL, NULL, 'em_analise', NULL, '186.211.229.9', '2025-06-03 20:19:12', NULL, NULL, 20, 0, 'PF'),
(17, 'precadastro', 'Rita de cassia pereira de almeida', 'rritinhaalmeida2022@gmail.com', '83999763038', '14491732418', 'Campina Grande', 'PB', 'De manha', '4.469.364', 'Pb', '1998-04-20', NULL, NULL, '58414490', 'Rua Inácio Clementino de Souza', '125', 'Casa', 'Tambor', 'Churrascaria paulistano', 'Casa Alugada', 1, 6, 1, 0, NULL, NULL, NULL, 'em_analise', NULL, '191.247.22.174', '2025-06-05 18:07:08', NULL, NULL, 20, 0, 'PF'),
(18, 'precadastro', 'Maria Valdete Paulino de Freitas', 'leidianasantos360@gmail.com', '83987666080', '03977901478', 'Campina Grande', 'PB', 'Melhor horário, Após as 15h', '2688987', 'SSP/PB', '1979-06-12', NULL, NULL, '58412280', 'Rua Geógrafo Milton Almeida dos Santos', '433', 'Apto', 'Aluízio Campos', 'Condomínio campina residence club', 'Casa Alugada', 17, 4, 1, 0, NULL, NULL, NULL, 'em_analise', NULL, '45.6.37.140', '2025-06-13 17:53:48', NULL, NULL, 20, 0, 'PF'),
(19, 'precadastro', 'Emylle Rayana Albuquerque Almeida Meira', 'emyllealbuquerque96@gmail.com', '83987704489', '10867956445', 'Campina Grande', 'PB', NULL, '3910877', 'Ssppb', '1996-01-10', NULL, NULL, '58423147', 'Rua Professor José da Mata Bomfim', '100', 'Quadra G, lote 6, Casa 9', 'Três Irmãs', 'Em frente a academia', 'Casa Própria', 4, 8, 1, 1, '70557515432', 212, 'JOAO MARCOS DA SILVA PEREIRA', 'em_analise', NULL, '186.211.229.8', '2025-06-15 00:38:27', NULL, NULL, 20, 0, 'PF'),
(20, 'precadastro', 'Veronica Barreto Guimarães', 'veronicabarretoguimaraes@gmail.com', '83988493835', '03589334479', 'Campina Grande', 'PB', NULL, '2480014', 'Ssp', '1981-07-18', NULL, NULL, '58423147', 'Rua Professor José da Mata Bomfim', '43', 'Quadra B lote 17', 'Três Irmãs', 'Última rua', 'Casa Própria', 4, 4, 1, 1, '70557515432', 212, 'JOAO MARCOS DA SILVA PEREIRA', 'em_analise', NULL, '177.173.227.224', '2025-06-15 01:43:55', NULL, NULL, 20, 0, 'PF'),
(21, 'precadastro', 'Gilmar posto', 'gilmar@gmail.com', '83988609372', '04816194452', 'Campina Grande', 'PB', 'Abrir espaço na caixa', '0000', '', '2025-06-15', NULL, NULL, '58432593', 'Rua das Quixabeiras', '200', NULL, 'Malvinas', NULL, 'Casa Própria', 17, 4, 1, 0, NULL, NULL, NULL, 'em_analise', NULL, '181.77.97.110', '2025-06-15 21:05:10', NULL, NULL, 20, 0, 'PF'),
(22, 'precadastro', 'Jailma Maria Lopes de Souza soares', 'lopesjailmamaria@gmail.com', '83998598199', '04350442499', 'Campina Grande', 'PB', 'Na parte da tarde', '2563190', 'Ssp', '2025-05-10', NULL, NULL, '58432430', 'Rua Alberto Santos', '185', 'Apto', 'Dinamérica', 'Próx ao estadual de santa rosa', 'Casa Própria', 17, 8, 1, 0, NULL, NULL, NULL, 'em_analise', NULL, '181.77.96.161', '2025-06-16 19:12:04', 1, NULL, 20, 0, 'PF'),
(23, 'precadastro', 'HUDSON VIRGILIO DE ARAUJO FRANCO', 'hudsonfranco1@gmail.com', '86981860676', '07216049357', 'Campina Grande', 'PB', NULL, '3616420', 'Ssp/pi', '1999-05-18', NULL, NULL, '58412280', 'Rua Geógrafo Milton Almeida dos Santos', '433', 'Apto 401, quadra F, bloco 5', 'Aluízio Campos', NULL, 'Casa Alugada', 1, 6, 1, 0, NULL, NULL, NULL, 'em_analise', NULL, '186.211.229.9', '2025-06-23 16:58:35', NULL, NULL, 20, 0, 'PF'),
(24, 'precadastro', 'Joseano leite', 'Cabral55421@gmail.com', '83993055439', '10051433400', 'Campina Grande', 'PB', '24 horas', '331243113', 'Dentra', '1991-07-03', NULL, NULL, '58412280', 'Rua Geógrafo Milton Almeida dos Santos', '404', 'Apartamento', 'Aluízio Campos', NULL, 'Casa Alugada', 17, 4, 1, 0, NULL, NULL, NULL, 'em_analise', NULL, '177.51.7.185', '2025-06-23 17:39:43', NULL, NULL, 20, 0, 'PF'),
(25, 'precadastro', 'HELIAS FRANCISCO GOMES FILHO', 'heliasfrancisco10@gmail.com', '83996017244', '15824199493', 'Campina Grande', 'PB', NULL, '15824199493', 'Pb', '2007-12-20', NULL, NULL, '58412280', 'Rua Geógrafo Milton Almeida dos Santos', '433', '104', 'Aluízio Campos', NULL, 'Casa Alugada', 1, 8, 1, 0, NULL, NULL, NULL, 'em_analise', NULL, '177.51.4.32', '2025-06-30 16:43:28', NULL, NULL, 20, 0, 'PF'),
(26, 'precadastro', 'Bruna Valeska Barros Silva', 'bruna1703valeska@gmail.com', '83994152494', '11756299447', 'Campina Grande', 'PB', NULL, '4060696', 'SSDS', '1997-03-17', NULL, NULL, '58412280', 'Rua Geógrafo Milton Almeida dos Santos', '433', 'Apartamento 203 bloco f 5', 'Aluízio Campos', NULL, 'Casa Própria', 17, 1, 1, 0, NULL, NULL, NULL, 'em_analise', NULL, '191.58.111.84', '2025-07-02 16:46:03', NULL, NULL, 20, 0, 'PF'),
(27, 'precadastro', 'Sandro Santos Ferreira', 'ssrr5256@gmail.com', '83989117380', '08549225479', 'Campina Grande', 'PB', 'Pela tarde', '3385491', 'PB', '1991-08-04', NULL, NULL, '58423120', 'Rua Florianópolis', '45', 'Galpão da prefeitura', 'Três Irmãs', 'Galpão da prefeitura', 'Casa Alugada', 17, 6, 1, 0, NULL, NULL, NULL, 'em_analise', NULL, '177.173.233.182', '2025-07-04 16:38:23', NULL, NULL, 20, 0, 'PF'),
(28, 'precadastro', 'Vicente Francisco de Souza Neto', 'souzakeo@hotmail.com', '8386734082', '29731145869', 'Campina Grande', 'PB', NULL, '33017074', '', '1983-05-28', NULL, NULL, '58412280', 'Rua Geógrafo Milton Almeida dos Santos', '433', 'Bloco 1 apartamento 302', 'Aluízio Campos', NULL, 'Casa Própria', 4, 4, 1, 0, NULL, NULL, NULL, 'em_analise', NULL, '186.211.229.8', '2025-07-05 14:20:14', NULL, NULL, 20, 0, 'PF'),
(29, 'precadastro', 'Ruthe carneiro da silva', 'ruthe1301@gmail.com', '83999643930', '70231277474', 'Campina Grande', 'PB', 'Só estou em casa pela manhã', '4067155', 'SSP', '1996-11-17', NULL, NULL, '58423590', 'Rua Arquiteto Renato Azevedo', '289', 'Apartamento 204', 'Três Irmãs', 'Mix Matheus', 'Casa Própria', 4, 1, 1, 0, NULL, NULL, NULL, 'em_analise', NULL, '181.77.99.110', '2025-07-08 11:27:00', NULL, NULL, 20, 0, 'PF'),
(30, 'precadastro', 'Larissa sandrinelly lima dantas', 'campinagrandetem2019@gmail.com', '83999559771', '01272599450', 'Campina Grande', 'PB', NULL, '3091675', 'Sspob', '1984-07-20', NULL, NULL, '58412280', 'Rua Geógrafo Milton Almeida dos Santos', '433', 'C7 103', 'Aluízio Campos', NULL, 'Casa Própria', 17, 4, 1, 0, NULL, NULL, NULL, 'em_analise', NULL, '187.19.131.184', '2025-07-08 17:48:46', NULL, NULL, 20, 0, 'PF'),
(31, 'precadastro', 'José Flávio Bezerra de Souza', 'naopossui@gmail.com', '8393504377', '02950571492', 'Campina Grande', 'PB', NULL, '00000', '', '1978-05-27', NULL, NULL, '58412280', 'Rua Geógrafo Milton Almeida dos Santos', '433', 'BL C3 APTO 104', 'Aluízio Campos', NULL, 'Casa Alugada', 17, 6, 1, 0, NULL, NULL, NULL, 'em_analise', NULL, '177.173.238.13', '2025-07-10 16:39:32', 1, NULL, 20, 0, 'PF'),
(32, 'precadastro', 'Micherlane santos Silva', 'dx.majuh@gmail.com', '8398259824', '07423502405', 'Campina Grande', 'PB', NULL, '3311889', 'Campina grande', '1987-04-28', NULL, NULL, '58423028', 'Rua Volta Redonda', '19', 'Casa', 'Três Irmãs', 'Safra material de construção', 'Casa Alugada', 17, 6, 1, 0, NULL, NULL, NULL, 'em_analise', NULL, '187.19.246.236', '2025-07-11 14:33:11', NULL, NULL, 20, 0, 'PF'),
(33, 'precadastro', 'Priscila Kely da Silva', 'prihsik@gmail.com', '83982256708', '08418939427', 'Campina Grande', 'PB', 'Recebendo a transferência de titularidade da internet.', '3480144', 'SSP/pb', '1991-12-25', NULL, NULL, '58412280', 'Rua Geógrafo Milton Almeida dos Santos', '433', 'Bloco 7 Quadra F ap 102', 'Aluízio Campos', NULL, 'Casa Alugada', 4, 8, 1, 0, NULL, NULL, NULL, 'em_analise', NULL, '186.211.229.9', '2025-07-11 15:41:40', NULL, NULL, 20, 0, 'PF'),
(34, 'precadastro', 'Jaqueline Hermínia Patriota', 'jacquelinepatriota7@gmail.com', '83998552388', '04643790407', 'Campina Grande', 'PB', NULL, '1939831', 'Campina Grande PB', '1973-02-27', NULL, NULL, '58423028', 'Rua Volta Redonda', '52', 'Casa', 'Três Irmãs', 'Safra material de construção', 'Prefiro não responder', 1, 6, 1, 0, NULL, NULL, NULL, 'em_analise', NULL, '187.19.246.236', '2025-07-11 20:52:35', NULL, NULL, 20, 0, 'PF'),
(35, 'precadastro', 'João Roberto Araújo Silva', 'robertojoao483@gmail.com', '83981654435', '16893861770', 'Campina Grande', 'PB', NULL, '4914455', 'Sds', '2002-03-03', NULL, NULL, '58423710', 'Rua Raul Pereira dos Santos', '116', NULL, 'Três Irmãs', 'Atrás de RG massas', 'Casa Alugada', 17, 4, 1, 1, '20580290468', 37, 'IRENE SILVA', 'em_analise', NULL, '177.173.231.8', '2025-07-12 15:14:08', NULL, NULL, 20, 0, 'PF'),
(36, 'precadastro', 'José cândido dos santos', 'elizabetesilva088@gmail.com', '83993896261', '28806433415', 'Campina Grande', 'PB', 'Qualquer horário', '975658', '', '1960-04-07', NULL, NULL, '58423065', 'Rua Salvador', '50', 'Casa vizinha a cliente daí Adriana e Maria Grazielly584', 'Três Irmãs', NULL, 'Casa Própria', 1, 4, 1, 1, '14215449464', 339, 'MARIA GRAZIELLY GUIMARAES', 'em_analise', NULL, '177.173.224.154', '2025-07-18 14:37:16', NULL, NULL, 20, 0, 'PF'),
(37, 'precadastro', 'MARIA GRAZIELLY GUIMARAES', 'graziguimaraes44@gmail.com', '83982292443', '14215449464', 'Campina Grande', 'PB', 'Qualquer horário', '4530394', '', '2003-06-26', NULL, NULL, '58423065', 'Rua Salvador', '88', 'Casa', 'Três Irmãs', NULL, 'Casa Própria', 1, 6, 1, 1, '25336293830', 13, 'ADRIANA DA SILVA GUIMARAES', 'em_analise', NULL, '186.211.229.9', '2025-07-21 11:18:02', NULL, NULL, 20, 0, 'PF'),
(38, 'precadastro', 'teste pereira silva', 'teste@gmail.com', '83991455714', '07633086416', 'Campina Grande', 'PB', NULL, '4875658', '', '1997-07-14', NULL, NULL, '58423050', 'Rua Teresina', '117', NULL, 'Três Irmãs', NULL, 'Casa Própria', 1, 4, 1, 0, NULL, NULL, NULL, 'em_analise', NULL, '186.211.229.9', '2025-08-01 12:35:30', NULL, NULL, 20, 0, 'PF'),
(39, 'precadastro', 'ULTRALINK SOLUÇÕES EM INTERNET LTDA', 'ultralinksolucoesinternet@gmail.com', '83999852689', '55632621000180', 'Campina Grande', 'PB', NULL, NULL, NULL, NULL, 'ULTRALINK', '', '58407318', 'Rua Princesa Isabel', '545', NULL, 'José Pinheiro', NULL, 'Imóvel de Terceiros', 17, 4, 1, 0, NULL, NULL, NULL, 'em_analise', NULL, '177.51.7.195', '2025-08-04 17:06:16', NULL, NULL, 20, 0, 'PJ'),
(40, 'precadastro', 'Stella Silva velez', 'stellasilvavelez@gmail.com', '83999770730', '09764237401', 'Campina Grande', 'PB', 'Se possível hoje qualquer Horário \r\nMas nos demais dias no fim da tarde', '3449566', '', '1995-04-10', NULL, NULL, '58423028', 'Rua Volta Redonda', '123', 'Ap', 'Três Irmãs', 'Barraca de geraldo', 'Casa Alugada', 17, 8, 1, 0, NULL, NULL, NULL, 'em_analise', NULL, '187.19.130.41', '2025-08-07 17:38:13', 1, NULL, 20, 0, 'PF'),
(41, 'precadastro', 'Stella Silva velez', 'stellasilvavelez@gmail.com', '83999770730', '09764237401', 'Campina Grande', 'PB', 'Se possível hoje qualquer Horário \r\nMas nos demais dias no fim da tarde', '3449566', '', '1995-04-10', NULL, NULL, '58423028', 'Rua Volta Redonda', '123', 'Ap', 'Três Irmãs', 'Barraca de geraldo', 'Casa Alugada', 17, 8, 1, 0, NULL, NULL, NULL, 'em_analise', NULL, '187.19.130.41', '2025-08-07 17:38:15', 1, NULL, 20, 0, 'PF'),
(42, 'precadastro', 'Stella Silva velez', 'stellasilvavelez@gmail.com', '83999770730', '09764237401', 'Campina Grande', 'PB', 'Se possível hoje qualquer Horário \r\nMas nos demais dias no fim da tarde', '3449566', '', '1995-04-10', NULL, NULL, '58423028', 'Rua Volta Redonda', '123', 'Ap', 'Três Irmãs', 'Barraca de geraldo', 'Casa Alugada', 17, 8, 1, 0, NULL, NULL, NULL, 'em_analise', NULL, '187.19.130.41', '2025-08-07 17:38:16', 1, NULL, 20, 0, 'PF'),
(43, 'precadastro', 'Stella Silva velez', 'stellasilvavelez@gmail.com', '83999770730', '09764237401', 'Campina Grande', 'PB', 'Se possível hoje qualquer Horário \r\nMas nos demais dias no fim da tarde', '3449566', '', '1995-04-10', NULL, NULL, '58423028', 'Rua Volta Redonda', '123', 'Ap', 'Três Irmãs', 'Barraca de geraldo', 'Casa Alugada', 17, 8, 1, 0, NULL, NULL, NULL, 'em_analise', NULL, '187.19.130.41', '2025-08-07 17:38:18', 1, NULL, 20, 0, 'PF'),
(44, 'precadastro', 'Stella Silva velez', 'stellasilvavelez@gmail.com', '83999770730', '09764237401', 'Campina Grande', 'PB', 'Se possível hoje qualquer Horário \r\nMas nos demais dias no fim da tarde', '3449566', '', '1995-04-10', NULL, NULL, '58423028', 'Rua Volta Redonda', '123', 'Ap', 'Três Irmãs', 'Barraca de geraldo', 'Casa Alugada', 17, 8, 1, 0, NULL, NULL, NULL, 'em_analise', NULL, '187.19.130.41', '2025-08-07 17:38:48', 1, NULL, 20, 0, 'PF'),
(45, 'precadastro', 'DANIEL RODRIGO RAMOS DE FARIAS', 'danyelrodrygo30@gmail.com', '83988397339', '07580702410', 'Campina Grande', 'PB', 'Sou Primo de Pyetro', '3045516', 'SSP', '1986-10-30', NULL, NULL, '58415255', 'Rua Maria Gomes Carneiro', '575', 'Casa', 'Jardim Paulistano', 'Primo ao Bonamigo Material de construcoa', 'Casa Própria', 1, 4, 1, 0, NULL, NULL, NULL, 'em_analise', NULL, '168.205.109.224', '2025-08-14 21:28:48', NULL, NULL, 20, 0, 'PF'),
(46, 'precadastro', 'concept construçoes e empreendimento ltda', 'matilde.amancio@construtoraconcept.com.br', '83996376837', '14215447000192', 'Campina Grande', 'PB', NULL, NULL, NULL, NULL, 'MariadaSilva', '', '58414060', 'Avenida Jornalista Assis Chateaubriand', '5750', NULL, 'Velame', 'Na obra da Atan - Escritório da Concept', 'Imóvel de Terceiros', 1, 8, 1, 0, NULL, NULL, NULL, 'em_analise', NULL, '177.51.7.153', '2025-08-15 14:34:13', NULL, NULL, 20, 0, 'PJ'),
(47, 'precadastro', 'Giselli Sonaly Vitorino do Nascimento', 'gisellisonaly@hotmail.com', '83988145244', '02281001431', 'Campina Grande', 'PB', NULL, '2255286', 'SSppb', '1976-08-17', NULL, NULL, '58412199', 'Rua José Araújo Agra', '148', 'Casa', 'Aluízio Campos', 'Creche Lenira Rita', 'Casa Própria', 1, 8, 1, 0, NULL, NULL, NULL, 'em_analise', NULL, '200.9.27.227', '2025-08-22 10:59:27', NULL, NULL, 20, 0, 'PF'),
(48, 'precadastro', 'Isabela ramos  de andrade araujo', 'isabelaramosdeandradeisabelara@gmail.com', '83996641374', '09772624486', 'Campina Grande', 'PB', 'Sabado  9 horas', '3716763', '21/09/2023', '1990-11-07', NULL, NULL, '58423740', 'Rua Paulo Luiz Oliveira', '322', 'Ap 102', 'Três Irmãs', 'Ac recpoes', 'Casa Própria', 17, 4, 1, 0, NULL, NULL, NULL, 'em_analise', NULL, '45.191.255.161', '2025-08-22 12:15:31', NULL, NULL, 20, 0, 'PF'),
(49, 'precadastro', 'Isabela ramos  de andrade araujo', 'isabelaramosdeandradeisabelara@gmail.com', '83996641374', '09772624486', 'Campina Grande', 'PB', 'Sabado  9 horas', '3716763', '21/09/2023', '1990-11-07', NULL, NULL, '58423740', 'Rua Paulo Luiz Oliveira', '322', 'Ap 102', 'Três Irmãs', 'Ac recpoes', 'Casa Própria', 17, 4, 1, 0, NULL, NULL, NULL, 'em_analise', NULL, '45.191.255.161', '2025-08-22 12:15:33', NULL, NULL, 20, 0, 'PF'),
(50, 'precadastro', 'Ewerton Lima Barros', 'ewertonlimaicm@hotmail.com', '83987773036', '11319626483', 'Campina Grande', 'PB', NULL, '3991445', 'Ssds', '1997-02-14', NULL, NULL, '58434149', 'Rua Renata do Nascimento Cruz', '495', 'Casa E', 'Serrotão', 'Próximo a subestação da Energisa', 'Casa Própria', 1, 8, 1, 0, NULL, NULL, NULL, 'em_analise', NULL, '177.173.225.168', '2025-08-23 17:18:54', NULL, NULL, 20, 0, 'PF'),
(51, 'precadastro', 'WILLIAM FILIPE DE FIGUEIREDO MOURA', 'williammoura.ext@construtoraconcept.com.br', '83996376837', '61579288000195', 'Campina Grande', 'PB', 'Horário comercial.', NULL, NULL, NULL, 'MariadaSilva', '', '58411450', 'Rua Pedro Feitosa Neves', '5750', NULL, 'Velame', 'Ao lado do Parque Motel', 'Imóvel de Terceiros', 12, 4, 1, 0, NULL, NULL, NULL, 'em_analise', NULL, '186.211.229.9', '2025-08-28 17:28:36', NULL, NULL, 20, 0, 'PJ'),
(52, 'precadastro', 'RN NET', 'ricardogomesnascimento81@gmail.com', '83986154108', '53421093000194', 'Campina Grande', 'PB', 'Manhã', NULL, NULL, NULL, 'RN NET Telecom', '', '58406233', 'Rua Cláudio Alves da Silva', '196', 'Casas', 'Castelo Branco', NULL, 'Casa Alugada', 4, 8, 1, 0, NULL, NULL, NULL, 'em_analise', NULL, '200.9.24.112', '2025-08-29 02:43:11', NULL, NULL, 20, 0, 'PJ'),
(53, 'precadastro', 'Ian Augusto de Almeida Ribeiro', 'ianaugusto26@yahoo.com.br', '34991633367', '13118486255', 'Campina Grande', 'PB', NULL, '15289668', 'Pcmg', '1995-11-29', NULL, NULL, '58412280', 'Rua Geógrafo Milton Almeida dos Santos', '433', 'Quadra E bloco 7 apto 203', 'Aluízio Campos', 'Campina residence club', 'Casa Alugada', 4, 4, 1, 0, NULL, NULL, NULL, 'em_analise', NULL, '177.51.0.1', '2025-08-29 17:18:17', NULL, NULL, 20, 0, 'PF'),
(54, 'precadastro', 'Ian Augusto de Almeida Ribeiro', 'ianaugusto26@yahoo.com.br', '34991633367', '13115848625', 'Campina Grande', 'PB', NULL, '15289668', 'Pcmg', '1995-11-29', NULL, NULL, '58412280', 'Rua Geógrafo Milton Almeida dos Santos', '433', 'BlocoE quadra 7 apto 203', 'Aluízio Campos', 'Campina residence club', 'Casa Alugada', 4, 4, 1, 0, NULL, NULL, NULL, 'em_analise', NULL, '177.51.0.1', '2025-08-29 17:20:54', NULL, NULL, 20, 0, 'PF'),
(55, 'precadastro', 'Rejane Ferreira Gomes Leonardo', 'rejaneperfumaria706@gmail.com', '84988626812', '01170556469', 'Campina Grande', 'PB', NULL, '002158266', 'Itep', '1980-11-28', NULL, NULL, '58412280', 'Rua Geógrafo Milton Almeida dos Santos', '433', 'Apartamento', 'Aluízio Campos', 'Condomínio \r\nCampina residence clube', 'Casa Alugada', 17, 4, 1, 0, NULL, NULL, NULL, 'em_analise', NULL, '177.173.230.151', '2025-09-01 13:01:59', NULL, NULL, 20, 0, 'PF'),
(56, 'precadastro', 'Ednilda Maria da Conceição', 'neide.ms.silva@hotmail.com', '83991557345', '03216388409', 'Campina Grande', 'PB', NULL, '2435830', 'SSPPB', '1972-09-29', NULL, NULL, '58412280', 'Rua Geógrafo Milton Almeida dos Santos', '433', 'Bloco C8, AP 202', 'Aluízio Campos', 'Campina Redidence I', 'Casa Alugada', 1, 8, 1, 0, NULL, NULL, NULL, 'em_analise', NULL, '191.242.204.75', '2025-09-03 19:52:47', NULL, NULL, 20, 0, 'PF'),
(57, 'precadastro', 'Kevdy José Mousinho Gonçalves', 'kevdy17@gmail.com', '83987652200', '70514280476', 'Campina Grande', 'PB', NULL, '4121534', 'SSDS', '2000-08-17', NULL, NULL, '58412280', 'Rua Geógrafo Milton Almeida dos Santos', '433', 'Bloco E2 apt 104', 'Aluízio Campos', 'No condomínio Campina Residence Club', 'Casa Alugada', 17, 8, 1, 0, NULL, NULL, NULL, 'em_analise', NULL, '177.46.42.40', '2025-09-09 12:31:18', 1, NULL, 20, 0, 'PF'),
(58, 'precadastro', 'Joelma Soares da Silva', 'joohmiranda1996@iphone.com', '83988400448', '70111364442', 'Campina Grande', 'PB', 'Manhã', '3993773', 'Ssppb', '1996-11-05', NULL, NULL, '58414520', 'Rua Vinte e Quatro de Maio', '1546', NULL, 'Tambor', NULL, 'Casa Própria', 1, 8, 1, 0, NULL, NULL, NULL, 'em_analise', NULL, '177.173.231.225', '2025-09-11 12:15:34', NULL, NULL, 20, 0, 'PF'),
(59, 'precadastro', 'Risoneide Mendonca da Silva', 'neide.ms.silva@hotmail.com', '83991557345', '08286403436', 'Campina Grande', 'PB', NULL, '3453128', 'SSPPB', '1990-02-01', NULL, NULL, '58412280', 'Rua Geógrafo Milton Almeida dos Santos', '433', 'Bloco C5, AP 201', 'Aluízio Campos', NULL, 'Casa Alugada', 1, 8, 1, 0, NULL, NULL, NULL, 'em_analise', NULL, '191.242.204.75', '2025-09-11 20:35:23', NULL, NULL, 20, 0, 'PF'),
(60, 'precadastro', 'Ian Augusto de Almeida Ribeiro', 'ianaugusto26@yahoo.com.br', '34991633367', '13118486255', 'Campina Grande', 'PB', NULL, '15289668', 'Pcmg', '1995-11-29', NULL, NULL, '58412280', 'Rua Geógrafo Milton Almeida dos Santos', '433', 'Quadra E bloco 7 apto 203', 'Aluízio Campos', 'Campina residence club', 'Casa Alugada', 4, 4, 1, 0, NULL, NULL, NULL, 'em_analise', NULL, '181.77.99.77', '2025-09-16 22:28:57', NULL, NULL, 20, 0, 'PF'),
(61, 'precadastro', 'Juliana Soares lima', 'jsoareslima97@gmail.com', '83999079754', '11955080429', 'Campina Grande', 'PB', 'O mais breve', '4165206', 'Ssd', '1997-05-22', NULL, NULL, '58423147', 'Rua Professor José da Mata Bomfim', '100', 'Quadra H, lote 8, casa 177', 'Três Irmãs', 'Próximo a energisa', 'Casa Própria', 1, 4, 1, 0, NULL, NULL, NULL, 'em_analise', NULL, '177.51.2.207', '2025-09-18 14:15:50', 1, NULL, 20, 0, 'PF'),
(62, 'precadastro', 'Hellida Gabriela Vieira Campos', 'cdm354@hotmail.com', '79991380222', '05621660501', 'Campina Grande', 'PB', '…', '8081949', 'SdsPE', '1993-11-26', NULL, NULL, '58423147', 'Rua Professor José da Mata Bomfim', '100', 'Casa 72 Lote 11  Quadra C', 'Três Irmãs', 'Condomínio Serra Nobre', 'Casa Própria', 6, 4, 1, 1, '08336931406', 368, 'JEFFERSON FERREIRA DE MELO', 'em_analise', NULL, '45.191.255.241', '2025-09-18 15:34:45', 1, NULL, 20, 0, 'PF'),
(63, 'precadastro', 'ERICK CAVALCANTE CHAVES', 'ericktrezeano@gmail.com', '83999217402', '04740134489', 'Campina Grande', 'PB', 'o mais rápido possível', '2661094', 'SSP/PB', '1983-08-11', NULL, NULL, '58423147', 'Rua Professor José da Mata Bomfim', '100', 'QD B  LT 08  CASA 34', 'Três Irmãs', 'POR TRÁS DO POSTO SANTO ANTONIO', 'Casa Própria', 6, 4, 1, 1, '05045130447', 363, 'MOISES RAMON DA SILVA E SOUSA', 'em_analise', NULL, '177.73.84.190', '2025-09-18 16:59:06', 1, NULL, 20, 0, 'PF'),
(64, 'precadastro', 'Andre Filipe Lima Valenca Pereira', 'andre100cg@hotmail.com', '83998250553', '70089757408', 'Campina Grande', 'PB', 'PRECISO QUE A INSTALAÇÃO SEJA AMANHÃ 20/09/2025', '3983606', 'SSP/PB', '1996-02-06', NULL, NULL, '58423147', 'Rua Professor José da Mata Bomfim', '100', 'QD E, LT 02, CASA 08', 'Três Irmãs', 'SERRA NOBRE RESIDENCE', 'Casa Própria', 4, 4, 1, 0, NULL, NULL, NULL, 'em_analise', NULL, '177.51.3.133', '2025-09-19 22:20:42', NULL, NULL, 20, 0, 'PF'),
(65, 'precadastro', 'Andre Filipe Lima Valenca Pereira', 'andre100cg@hotmail.com', '83998250553', '70089757408', 'Campina Grande', 'PB', 'PRECISO QUE A INSTALAÇÃO SEJA AMANHÃ 20/09/2025', '3983606', 'SSP/PB', '1996-02-06', NULL, NULL, '58423147', 'Rua Professor José da Mata Bomfim', '100', 'QD E, LT 02, CASA 08', 'Três Irmãs', 'SERRA NOBRE RESIDENCE', 'Casa Própria', 4, 4, 1, 0, NULL, NULL, NULL, 'em_analise', NULL, '177.51.3.133', '2025-09-19 22:20:44', NULL, NULL, 20, 0, 'PF'),
(66, 'precadastro', 'ANDRE FILIPE LIMA VALENCA PEREIRA', 'andre100cg@hotmail.com', '83998250553', '70089757408', 'Campina Grande', 'PB', NULL, '3983606', 'SSP/PB', '1996-02-06', NULL, NULL, '58423147', 'Rua Professor José da Mata Bomfim', '100', 'QD E, LT 02, CASA 08', 'Três Irmãs', 'SERRA NOBRE RESIDENCE', 'Casa Própria', 4, 4, 1, 0, NULL, NULL, NULL, 'em_analise', NULL, '177.51.3.133', '2025-09-19 22:27:07', NULL, NULL, 20, 0, 'PF'),
(67, 'precadastro', 'ANDRE FILIPE LIMA VALENCA PEREIRA', 'andre100cg@hotmail.com', '83998250553', '70089757408', 'Campina Grande', 'PB', NULL, '3983606', 'SSP/PB', '1996-02-06', NULL, NULL, '58423147', 'Rua Professor José da Mata Bomfim', '100', 'QD E, LT 02, CASA 08', 'Três Irmãs', 'SERRA NOBRE RESIDENCE', 'Casa Própria', 4, 4, 1, 0, NULL, NULL, NULL, 'em_analise', NULL, '177.51.3.133', '2025-09-19 23:02:14', NULL, NULL, 20, 0, 'PF'),
(68, 'precadastro', 'ANDRE FILIPE LIMA VALENCA PEREIRA', 'andre100cg@hotmail.com', '83998250553', '70089757408', 'Campina Grande', 'PB', NULL, '3983606', 'SSP/PB', '1996-02-06', NULL, NULL, '58423147', 'Rua Professor José da Mata Bomfim', '100', 'QD E, LT 02, CASA 08', 'Três Irmãs', 'SERRA NOBRE RESIDENCE', 'Casa Própria', 4, 4, 1, 0, NULL, NULL, NULL, 'em_analise', NULL, '177.51.3.133', '2025-09-19 23:18:11', NULL, NULL, 20, 0, 'PF'),
(69, 'precadastro', 'Lavínia de Oliveira Souza Campos', 'cida-nawts@hotmail.com', '83988969953', '13314453404', 'Campina Grande', 'PB', NULL, '4339845', 'Ssppb', '2005-04-29', NULL, NULL, '58423147', 'Rua Professor José da Mata Bomfim', '100', 'Quadra H lote 02  casa 03', 'Três Irmãs', 'Condomínio Serra nobre', 'Casa Própria', 4, 4, 1, 0, NULL, NULL, NULL, 'em_analise', NULL, '177.173.234.132', '2025-09-20 18:02:30', NULL, NULL, 20, 0, 'PF'),
(70, 'precadastro', 'Lavínia de Oliveira Souza Campos', 'cida-nawts@hotmail.com', '83988796872', '13314553404', 'Campina Grande', 'PB', NULL, '4339845', 'Ssp Pb', '2005-04-29', NULL, NULL, '58423147', 'Rua Professor José da Mata Bomfim', '100', 'Quadra h lote 02 casa 03', 'Três Irmãs', NULL, 'Casa Própria', 4, 4, 1, 0, NULL, NULL, NULL, 'em_analise', NULL, '177.173.234.132', '2025-09-20 18:06:40', NULL, NULL, 20, 0, 'PF'),
(71, 'precadastro', 'Diego Araújo da Silva', 'Diegoaraujo51@hotmail.com', '83988308088', '08391131459', 'Campina Grande', 'PB', NULL, '3365292', 'Ssppb', '1989-06-08', NULL, NULL, '58423147', 'Rua Professor José da Mata Bomfim', '100', 'Cond Serra Nobre Qdi Lt1 Cs3', 'Três Irmãs', 'Por trás do posto santo Antônio do portal', 'Casa Própria', 12, 4, 1, 0, NULL, NULL, NULL, 'em_analise', NULL, '177.173.234.229', '2025-09-22 17:12:50', NULL, NULL, 20, 0, 'PF'),
(72, 'precadastro', 'FRANCIVALDO FREIRE DE MOURA', 'francivaldomoura16@gmail.com', '83996807642', '10979179408', 'Campina Grande', 'PB', 'No sábado pela manhã trabalho durante a semana', '3893040', 'Pb', '1993-03-04', NULL, NULL, '58412280', 'Rua Geógrafo Milton Almeida dos Santos', '401', 'Apartamento', 'Aluízio Campos', 'Ao lado do Aluísio campos', 'Casa Própria', 17, 8, 1, 1, '04854161400', 116, 'JOSE RODRIGUES DE LACERDA FILHO', 'em_analise', NULL, '177.51.1.39', '2025-09-22 21:02:21', NULL, NULL, 20, 0, 'PF'),
(73, 'precadastro', 'Manoel José Pereira Neto', 'manoel@gmtrack.com.br', '83987060073', '13693424462', 'Campina Grande', 'PB', 'Sábado à tarde', '4371914', 'SSDS/PB', '2001-03-06', NULL, NULL, '58423147', 'Rua Professor José da Mata Bomfim', '100', 'QD F LT 03 CS 06', 'Três Irmãs', 'Condomínio SerraNobre Residence', 'Casa Própria', 4, 4, 1, 0, NULL, NULL, NULL, 'em_analise', NULL, '45.228.147.85', '2025-09-23 13:16:19', NULL, NULL, 20, 0, 'PF'),
(74, 'precadastro', 'Arley Manoel Martins dos Santos', 'arleymanoel44@gmail.com', '83999006604', '70704447452', 'Campina Grande', 'PB', NULL, '4214615', 'SSP/PB', '1999-08-31', NULL, NULL, '58423147', 'Rua Professor José da Mata Bomfim', '100', 'Quadra C, lote 4, Casa 65,', 'Três Irmãs', 'Condomínio Serra nobre', 'Casa Própria', 12, 8, 1, 0, NULL, NULL, NULL, 'em_analise', NULL, '45.229.172.155', '2025-09-25 13:22:37', 1, NULL, 20, 0, 'PF'),
(75, 'precadastro', 'Arley Manoel Martins dos Santos', 'arleymanoel44@gmail.com', '83999006604', '70704447452', 'Campina Grande', 'PB', NULL, '4214615', 'SSP/PB', '1999-08-31', NULL, NULL, '58423147', 'Rua Professor José da Mata Bomfim', '100', 'Quadra C, lote 4, Casa 65,', 'Três Irmãs', 'Condomínio Serra nobre', 'Casa Própria', 12, 8, 1, 0, NULL, NULL, NULL, 'em_analise', NULL, '45.229.172.155', '2025-09-25 13:22:39', 1, NULL, 20, 0, 'PF'),
(76, 'precadastro', 'Erika lira de Lima', 'erikaliralima50@gmail.com', '83986243812', '08578321405', 'Campina Grande', 'PB', 'Pela manha', '3453323', '', '1987-06-19', NULL, NULL, '58430600', 'Rua Florípedes Coutinho', 'Ap 104', 'Bloco b', 'Bodocongó', 'Em frete à avenida', 'Prefiro não responder', 17, 6, 1, 0, NULL, NULL, NULL, 'em_analise', NULL, '45.188.30.99', '2025-09-26 20:38:59', NULL, NULL, 20, 0, 'PF'),
(77, 'precadastro', 'Erika lira de Lima', 'erikaliralima50@gmail.com', '83986243812', '08578321405', 'Campina Grande', 'PB', 'Pela manha', '3453323', '', '1987-06-19', NULL, NULL, '58430600', 'Rua Florípedes Coutinho', 'Ap 104', 'Bloco b', 'Bodocongó', 'Em frete à avenida', 'Prefiro não responder', 17, 6, 1, 0, NULL, NULL, NULL, 'em_analise', NULL, '45.188.30.99', '2025-09-26 20:39:31', NULL, NULL, 20, 0, 'PF'),
(78, 'precadastro', 'Arthur weinberg Valença bezerra', 'arthurvalenca420@gmail.com', '83993443284', '71736941402', 'Campina Grande', 'PB', 'To o dia todo em casa, qualquer horário', '3.807.180', 'SSP', '2002-08-05', NULL, NULL, '58412280', 'Rua Geógrafo Milton Almeida dos Santos', 'Ap 301', 'Bloco c5', 'Aluízio Campos', 'Entrada do Aluízio Campos', 'Casa Alugada', 17, 6, 1, 0, NULL, NULL, NULL, 'em_analise', NULL, '191.242.204.68', '2025-09-29 12:22:07', NULL, NULL, 20, 0, 'PF'),
(79, 'precadastro', 'Maria luiza da Silva Valença', 'marialuizavalenca120@gmail.com', '83993443284', '04654308482', 'Campina Grande', 'PB', NULL, '5642569', 'SSP', '1975-12-06', NULL, NULL, '58412280', 'Rua Geógrafo Milton Almeida dos Santos', 'Ap 301', 'Bloco c5', 'Aluízio Campos', 'Entrada do Aluízio', 'Casa Alugada', 17, 6, 1, 0, NULL, NULL, NULL, 'em_analise', NULL, '186.211.229.8', '2025-09-29 19:27:15', NULL, NULL, 20, 0, 'PF'),
(80, 'precadastro', 'Maria luiza da Silva Valença', 'marialuizavalenca120@gmail.com', '83993443284', '04654308482', 'Campina Grande', 'PB', NULL, '5642569', 'SSP', '1975-12-06', NULL, NULL, '58412280', 'Rua Geógrafo Milton Almeida dos Santos', 'Ap 301', 'Bloco c5', 'Aluízio Campos', 'Entrada do Aluízio', 'Casa Alugada', 17, 6, 1, 0, NULL, NULL, NULL, 'em_analise', NULL, '186.211.229.9', '2025-09-29 19:43:42', NULL, NULL, 20, 0, 'PF'),
(81, 'precadastro', 'Francisca Dayane camelo Duarte', 'Juliasophia0903@gmail.com', '83993595646', '17059148701', 'Campina Grande', 'PB', NULL, '2009099087132', '', '1997-04-24', NULL, NULL, '58412280', 'Rua Geógrafo Milton Almeida dos Santos', '404', 'Bloco 9', 'Aluízio Campos', NULL, 'Casa Alugada', 17, 8, 1, 0, NULL, NULL, NULL, 'em_analise', NULL, '186.211.229.9', '2025-09-29 20:47:09', NULL, NULL, 20, 0, 'PF'),
(82, 'precadastro', 'Maria Gabrielly de Melo Farias', 'gabriellymelo2612@gmail.com', '83993368372', '70474112403', 'Campina Grande', 'PB', 'Apenas mudança de titularidade. \r\nEstou disponivel até às 10:30.', '4154717', 'SSP/PB', '1999-12-26', NULL, NULL, '58415625', 'Rua Ana Vilar', '472', 'Apto: 1907', 'Cruzeiro', '.', 'Casa Alugada', 17, 4, 1, 0, NULL, NULL, NULL, 'em_analise', NULL, '191.247.15.90', '2025-10-10 18:18:21', NULL, NULL, 20, 0, 'PF'),
(83, 'precadastro', 'Gabriel Silva Souza', 'gabrielsilvapb33@gmail.com', '83987613408', '14713520489', 'Campina Grande', 'PB', 'Segunda feira ( 13/10/2025 ) vim instalar a internet.', '4527067', 'SSP/PB', '2002-11-19', NULL, NULL, '58423065', 'Rua Salvador', '97', 'Casa', 'Três Irmãs', 'Depois do Galpão da prefeitura', 'Casa Própria', 17, 1, 1, 0, NULL, NULL, NULL, 'em_analise', NULL, '45.175.218.157', '2025-10-11 19:05:27', NULL, NULL, 20, 0, 'PF'),
(84, 'precadastro', 'Maria Marques Barbosa', 'barbosamariamarques322@gmail.com', '81986821705', '15584113484', 'Campina Grande', 'PB', NULL, '4755325', 'SSDS', '2005-08-30', NULL, NULL, '58412280', 'Rua Geógrafo Milton Almeida dos Santos', '433', 'F7 201', 'Aluízio Campos', NULL, 'Casa Alugada', 17, 4, 1, 0, NULL, NULL, NULL, 'em_analise', NULL, '177.173.238.244', '2025-10-16 13:31:14', NULL, NULL, 20, 0, 'PF'),
(85, 'precadastro', 'ROMULO B M NETO', 'rm202198u958558@gmail.com', '83988479958', '13258381445', 'Campina Grande', 'PB', 'Qualquer horário dia só entra em contato', ',4659311', 'Sesds-pb', '2004-09-17', NULL, NULL, '58423000', 'Rua Florianópolis', '47', 'Casa branca por trás do galpão da prefeitura', 'Três Irmãs', 'Galpão da prefeitura', 'Prefiro não responder', 17, 4, 1, 0, NULL, NULL, NULL, 'em_analise', NULL, '177.173.238.7', '2025-10-21 17:40:55', NULL, NULL, 20, 0, 'PF'),
(86, 'precadastro', 'Maria do Socorro Barbosa Ferreira', 'kessiatavares34@gmail.com', '83988259837', '76089916404', 'CAMPINA GRANDE', 'PB', 'Nenhuma', '1891564', 'Ssp', '1961-06-05', NULL, NULL, '58417280', 'Rua Coronel Antônio Rodenbush', '25', NULL, 'Santa Cruz', 'Rua enfrente ao lojao das tintas', 'Casa Própria', 17, 6, 1, 0, NULL, NULL, NULL, 'em_analise', NULL, '168.205.109.133', '2025-10-31 13:01:25', NULL, NULL, 20, 0, 'PF'),
(87, 'precadastro', 'Jordanio Souza da Silva', 'jordaniosouza21cg@gmail.com', '83986051099', '01792255454', 'Campina Grande', 'PB', 'Horário da manhã', '07776112562', 'PB', '1997-05-09', NULL, NULL, '58412171', 'Rua Celina Mathias de Almeida', '175F', 'Casa', 'Malvinas', 'Por trás do detran, vizinho ao salão de herlane', 'Prefiro não responder', 17, 8, 1, 0, NULL, NULL, NULL, 'em_analise', NULL, '45.166.25.144', '2025-11-01 00:30:03', NULL, NULL, 20, 0, 'PF'),
(88, 'precadastro', 'Jordanio Souza da Silva', 'jordaniosouza21cg@gmail.com', '83986051099', '01792255454', 'Campina Grande', 'PB', 'Horário da manhã', '07776112562', 'PB', '1997-05-09', NULL, NULL, '58412171', 'Rua Celina Mathias de Almeida', '175F', 'Casa', 'Malvinas', 'Por trás do detran, vizinho ao salão de herlane', 'Prefiro não responder', 17, 8, 1, 0, NULL, NULL, NULL, 'em_analise', NULL, '45.166.25.144', '2025-11-01 00:30:07', NULL, NULL, 20, 0, 'PF'),
(89, 'precadastro', 'Jordanio Souza da Silva', 'jordaniosouza21cg@gmail.com', '83986051099', '01792255454', 'Campina Grande', 'PB', 'Horário da manhã', '07776112562', 'PB', '1997-05-09', NULL, NULL, '58412171', 'Rua Celina Mathias de Almeida', '175F', 'Casa', 'Malvinas', 'Por trás do detran, vizinho ao salão de herlane', 'Prefiro não responder', 17, 8, 1, 0, NULL, NULL, NULL, 'em_analise', NULL, '45.166.25.144', '2025-11-01 00:30:09', NULL, NULL, 20, 0, 'PF'),
(90, 'precadastro', 'Jordanio Souza da Silva', 'jordaniosouza21cg@gmail.com', '83986051099', '01792255454', 'Campina Grande', 'PB', 'Horário da manhã', '07776112562', 'PB', '1997-05-09', NULL, NULL, '58412171', 'Rua Celina Mathias de Almeida', '175F', 'Casa', 'Malvinas', 'Por trás do detran, vizinho ao salão de herlane', 'Prefiro não responder', 17, 8, 1, 0, NULL, NULL, NULL, 'em_analise', NULL, '45.166.25.144', '2025-11-01 00:30:11', NULL, NULL, 20, 0, 'PF'),
(91, 'precadastro', 'Jordanio Souza da Silva', 'jordaniosouza21cg@gmail.com', '83986051099', '01792255454', 'Campina Grande', 'PB', 'Qualquer horário', '07776112562', '3876465 SSDS PB', '1997-05-09', NULL, NULL, '58412171', 'Rua Celina Mathias de Almeida', '175', 'Casa', 'Malvinas', 'Casa por trás do detran, vizinho ao salão de beleza de herlane', 'Prefiro não responder', 17, 8, 1, 0, NULL, NULL, NULL, 'em_analise', NULL, '45.168.102.18', '2025-11-01 13:15:22', NULL, NULL, 20, 0, 'PF'),
(92, 'precadastro', 'Philipe allan do nascimento', 'philipeallan20@gmail.com', '83988315930', '01695911407', 'Campina Grande', 'PB', NULL, '3587556', 'Ssppb', '1992-09-22', NULL, NULL, '58412280', 'Rua Geógrafo Milton Almeida dos Santos', '433', 'F2 302', 'Aluízio Campos', 'Próximo ao Aluízio campos', 'Casa Própria', 17, 1, 1, 0, NULL, NULL, NULL, 'em_analise', NULL, '181.77.96.92', '2025-11-05 11:38:21', NULL, NULL, 20, 0, 'PF'),
(93, 'precadastro', 'Marta Silvana Silva de Lima Freitas', 'martacarrin261@gmail.com', '83981011295', '87427672453', 'Campina Grande', 'PB', 'Preciso que mandem amanhã (06/11/2025) às 10 horas, pois não estou em Campina Grande, irei amanhã resolver apenas essa questão da instalação.', '1662132', 'SSDS', '1968-06-12', NULL, NULL, '58412280', 'Rua Geógrafo Milton Almeida dos Santos', '433', 'apt 401, BL 1, QD F', 'Aluízio Campos', 'Próximo ao Parque de Exposição', 'Prefiro não responder', 17, 6, 1, 1, '01048469417', 191, 'JOSEFA VERONICA SILVA DE LIMA', 'em_analise', NULL, '177.66.98.231', '2025-11-05 12:29:39', NULL, NULL, 20, 0, 'PF'),
(94, 'precadastro', 'Igo Ialli Lima Patrício', 'evelinesoaresa@gmail.com', '83988267757', '07981383000256', 'Campina Grande', 'PB', 'Tarde', NULL, NULL, NULL, 'MERCADÃO PORTAL', '161649750', '58424257', 'Rua Breno Moreira Dias', '190', 'Comércio', 'Três Irmãs', NULL, 'Prefiro não responder', 4, 4, 1, 0, NULL, NULL, NULL, 'em_analise', NULL, '177.173.237.144', '2025-11-05 17:18:10', NULL, NULL, 20, 0, 'PJ'),
(95, 'precadastro', 'Elayne Virgínia Alves da Silva', 'kaualayne@gmail.com', '83996563094', '03677835410', 'Campina Grande', 'PB', 'Troca de titularidade', '2261073', 'SSP PB', '1979-08-16', NULL, NULL, '58412280', 'Rua Geógrafo Milton Almeida dos Santos', '433', 'Apto 103 C7', 'Aluízio Campos', 'Em frente ao parque de exposições', 'Casa Alugada', 17, 4, 1, 0, NULL, NULL, NULL, 'em_analise', NULL, '177.173.228.127', '2025-11-12 22:14:14', NULL, NULL, 20, 0, 'PF'),
(96, 'precadastro', 'Ivan dario piedrahita Velez', 'matias2024bra@gmail.com', '89991883460', '00391903403', 'Campina Grande', 'PB', NULL, 'B-193887-p', 'Campina Grande', '1997-09-26', NULL, NULL, '58412280', 'Rua Geógrafo Milton Almeida dos Santos', '433', '103 bloco b4', 'Aluízio Campos', NULL, 'Casa Alugada', 17, 8, 1, 0, NULL, NULL, NULL, 'em_analise', NULL, '191.247.3.75', '2025-11-14 19:58:15', NULL, NULL, 20, 0, 'PF'),
(97, 'precadastro', 'Fábio Soares do Nascimento', 'fabio.180309@gmail.com', '83996927542', '03042806405', 'Campina Grande', 'PB', 'Já está instalado no local', '2376652', 'SSP/PB', '1979-04-13', NULL, NULL, '58412280', 'Rua Geógrafo Milton Almeida dos Santos', '433', 'AP 203 Bloco F5', 'Aluízio Campos', 'Condomínio Campina Club', 'Casa Alugada', 17, 6, 1, 0, NULL, NULL, NULL, 'em_analise', NULL, '168.205.108.117', '2025-11-17 17:53:01', NULL, NULL, 20, 0, 'PF'),
(98, 'precadastro', 'Anderson Da Costa Silva Santana', 'andersonsantana1275@gmail.com', '83998590849', '10161968490', 'Campina Grande', 'PB', 'Pela manhã às 10 horas.', '3418836', 'SSP/PB', '1995-03-18', NULL, NULL, '58423147', 'Rua Professor José da Mata Bomfim', '44', 'Quadra B, lote 18', 'Três Irmãs', NULL, 'Casa Própria', 6, 4, 1, 0, NULL, NULL, NULL, 'em_analise', NULL, '187.19.130.167', '2025-11-19 13:15:03', NULL, NULL, 20, 0, 'PF'),
(99, 'precadastro', 'Ian Augusto de Almeida Ribeiro', 'ianaugusto26@yahoo.com.br', '34991633367', '13118486255', 'Campina Grande', 'PB', NULL, '15289668', 'Pcmg', '1995-11-29', NULL, NULL, '58412280', 'Rua Geógrafo Milton Almeida dos Santos', '433', 'Quadra E bloco 7 apto 203', 'Aluízio Campos', 'Campina residence club', 'Casa Alugada', 4, 4, 1, 0, NULL, NULL, NULL, 'em_analise', NULL, '186.211.229.9', '2025-11-23 13:51:32', NULL, NULL, 20, 0, 'PF'),
(100, 'precadastro', 'Poliana Araújo de sousa', 'araujopoliana524@gmail.com', '83987769991', '01657923452', 'Campina Grande', 'PB', 'a tarde', '3755432', 'Campina grande', '1990-12-02', NULL, NULL, '58423055', 'Rua Belém', '160', 'apartamento', 'Três Irmãs', 'próximo material de construção', 'Casa Alugada', 17, 8, 1, 0, NULL, NULL, NULL, 'em_analise', NULL, '45.191.255.219', '2025-11-25 13:39:24', NULL, NULL, 20, 0, 'PF'),
(101, 'precadastro', 'Joao Anastácio da Silva Neto', 'grupouniccah@gmail.com', '83993458164', '53943635449', 'Campina Grande', 'PB', 'Pela manhã melhor horário.', '2904949', 'SDS/PE', '1966-11-28', NULL, NULL, '58415625', 'Rua Ana Vilar', '472', 'Apto 1304', 'Cruzeiro', NULL, 'Casa Alugada', 17, 4, 1, 0, NULL, NULL, NULL, 'em_analise', NULL, '191.247.26.37', '2025-11-27 00:51:53', NULL, NULL, 20, 0, 'PF'),
(102, 'precadastro', 'Angela Alves Ferreira', 'aa6013014@gmail.com', '83987162250', '01612233565', 'Campina Grande', 'PB', 'A tarde', '3437987', '', '1991-11-30', NULL, NULL, '58423260', 'Rua Venâncio Nogueira da Silva', '120', 'Casa', 'Três Irmãs', 'Próximo ao posto de gasolina', 'Casa Alugada', 17, 6, 1, 0, NULL, NULL, NULL, 'em_analise', NULL, '177.173.235.11', '2025-12-09 18:42:11', NULL, NULL, 20, 0, 'PF'),
(103, 'precadastro', 'Angela Alves Ferreira', 'aa6013014@gmail.com', '83987162250', '01612233565', 'Campina Grande', 'PB', 'A tarde', '3437987', '', '1991-11-30', NULL, NULL, '58423260', 'Rua Venâncio Nogueira da Silva', '120', 'Casa', 'Três Irmãs', 'Próximo ao posto de gasolina', 'Casa Alugada', 17, 6, 1, 0, NULL, NULL, NULL, 'em_analise', NULL, '177.173.235.11', '2025-12-09 18:42:12', NULL, NULL, 20, 0, 'PF'),
(104, 'precadastro', 'Angela Alves Ferreira', 'aa6013014@gmail.com', '83987162250', '01612233465', 'Campina Grande', 'PB', 'A noite', '3437987', '', '1991-11-30', NULL, NULL, '58423260', 'Rua Venâncio Nogueira da Silva', '120', NULL, 'Três Irmãs', 'Próximo ao posto de gasolina', 'Casa Alugada', 17, 6, 1, 0, NULL, NULL, NULL, 'em_analise', NULL, '177.173.235.22', '2025-12-09 18:46:00', NULL, NULL, 20, 0, 'PF'),
(105, 'precadastro', 'Manuel Pedro da Silva neto', 'mp5538256@gmail.com', '83993876551', '06457445497', 'Campina Grande', 'PB', NULL, '3189642', 'Ssd pb', '1986-06-08', NULL, NULL, '58423070', 'Rua Curitiba', '130', 'Casa', 'Três Irmãs', 'Mercado de nalva', 'Casa Própria', 17, 4, 1, 0, NULL, NULL, NULL, 'em_analise', NULL, '186.211.229.9', '2025-12-12 14:08:35', NULL, NULL, 20, 0, 'PF'),
(106, 'precadastro', 'Paula alves da Silva', 'pedrepaula13@gmail.com', '83988625288', '10263078485', 'Campina grande', 'PB', '14:00 horas', '3.451921', 'Pb', '1992-08-14', NULL, NULL, '58432500', 'Rua João clementino dos Santos', '10', 'Próximo a marelux', 'Malvinas', 'Próximo a marelux', 'Casa Alugada', 4, 6, 1, 0, NULL, NULL, NULL, 'em_analise', NULL, '45.175.218.169', '2025-12-20 15:37:25', NULL, NULL, 20, 0, 'PF'),
(107, 'precadastro', 'Jakcylene Yasmin Silva Oliveira', 'jakcyleneyasmin@gmail.com', '85997498601', '11092334343', 'Campina Grande', 'PB', NULL, '2021190795', 'SSPDS-CE', '2006-02-01', NULL, NULL, '58105430', 'Rua Rio Grande do Sul', '191', 'Casa', 'Liberdade', NULL, 'Casa Própria', 17, 4, 1, 0, NULL, NULL, NULL, 'em_analise', NULL, '177.37.144.138', '2026-01-05 13:43:18', NULL, NULL, 20, 0, 'PF'),
(108, 'precadastro', 'Aluska Fernanda Silva Vicente', 'aluskafernanda24@gmail.com', '83991907973', '70839132425', 'Campina Grande', 'PB', 'Qualquer horario', '4130479', 'SSP/PB', '1996-11-15', NULL, NULL, '58423055', 'Rua Belém', '20', 'Casa', 'Três Irmãs', 'Em frente ao galpão da prefeitura', 'Casa Alugada', 17, 4, 1, 0, NULL, NULL, NULL, 'em_analise', NULL, '187.25.79.75', '2026-01-06 16:19:54', NULL, NULL, 20, 0, 'PF'),
(109, 'precadastro', 'Ian Augusto de Almeida Ribeiro', 'ianaugusto26@yahoo.com.br', '34991633367', '13118486255', 'Campina Grande', 'PB', NULL, '15289668', 'Pcmg', '1995-11-29', NULL, NULL, '58412280', 'Rua Geógrafo Milton Almeida dos Santos', '433', 'Quadra E bloco 7 apto 203', 'Aluízio Campos', 'Campina residence club', 'Casa Alugada', 4, 4, 1, 0, NULL, NULL, NULL, 'em_analise', NULL, '186.211.229.9', '2026-01-11 01:55:20', NULL, NULL, 20, 0, 'PF'),
(110, 'precadastro', 'Gisele Souza Andrade', 'giselee16.souza@gmail.com', '83991222544', '12169675477', 'Campina Grande', 'PB', NULL, '4141417', 'Ssds-pb', '1998-08-03', NULL, NULL, '58412280', 'Rua Geógrafo Milton Almeida dos Santos', '433', 'BF2 Ap204', 'Aluízio Campos', 'Campina Residence', 'Casa Própria', 4, 8, 1, 0, NULL, NULL, NULL, 'em_analise', NULL, '177.51.3.23', '2026-01-13 16:11:23', NULL, NULL, 20, 0, 'PF'),
(111, 'precadastro', 'MATEUS DE SOUZA SILVA', 'mateussouza.mt12@gmail.com', '83996494626', '10439793440', 'Campina Grande', 'PB', NULL, '3821400', 'Ssp-pb', '1998-04-14', NULL, NULL, '58412280', 'Rua Geógrafo Milton Almeida dos Santos', '433', 'BF2 Ap204', 'Aluízio Campos', 'Campina Residence', 'Casa Própria', 4, 8, 1, 0, NULL, NULL, NULL, 'em_analise', NULL, '177.51.2.58', '2026-01-13 17:16:03', NULL, NULL, 20, 0, 'PF');
INSERT INTO `precadastros` (`id`, `tipo`, `nome`, `email`, `celular`, `cpf_cnpj`, `cidade`, `estado`, `observacao`, `rg`, `rg_emissor`, `data_nascimento`, `nome_fantasia`, `insc_estadual`, `cep`, `logradouro`, `numero`, `complemento`, `bairro`, `ponto_referencia`, `tipo_moradia`, `plano_id_selecionado`, `vencimento_id_selecionado`, `lgpd_aceite`, `foi_indicado`, `indicador_cpfcnpj`, `indicador_id_sgp`, `indicador_nome`, `status_processamento`, `resposta_api`, `ip_origem`, `data_envio`, `vendedor_id`, `email_notificacoes`, `items_por_pagina`, `p_processar`, `tipo_pessoa`) VALUES
(112, 'precadastro', 'MATEUS DE SOUZA SILVA', 'mateussouza.mt12@gmail.com', '83996494626', '10439793440', 'Campina Grande', 'PB', NULL, '3821400', 'Ssp-pb', '1998-04-14', NULL, NULL, '58412280', 'Rua Geógrafo Milton Almeida dos Santos', '433', 'BF2 Ap204', 'Aluízio Campos', 'Campina Residence', 'Casa Própria', 4, 8, 1, 0, NULL, NULL, NULL, 'em_analise', NULL, '177.51.2.58', '2026-01-13 17:17:22', NULL, NULL, 20, 0, 'PF'),
(113, 'precadastro', 'MATEUS DE SOUZA SILVA', 'mateussouza.mt12@gmail.com', '83996494626', '10439793440', 'Campina Grande', 'PB', NULL, '3821400', 'Ssp-pb', '1998-04-14', NULL, NULL, '58412280', 'Rua Geógrafo Milton Almeida dos Santos', '433', 'BF2 Ap204', 'Aluízio Campos', 'Campina Residence', 'Casa Própria', 4, 8, 1, 0, NULL, NULL, NULL, 'em_analise', NULL, '177.51.2.58', '2026-01-13 17:17:36', NULL, NULL, 20, 0, 'PF'),
(114, 'precadastro', 'MATEUS DE SOUZA SILVA', 'mateussouza.mt12@gmail.com', '83996494626', '10439793440', 'Campina Grande', 'PB', NULL, '3821400', 'Ssp-pb', '1998-04-14', NULL, NULL, '58412280', 'Rua Geógrafo Milton Almeida dos Santos', '433', 'BF2 Ap204', 'Aluízio Campos', 'Campina Residence', 'Casa Própria', 4, 8, 1, 0, NULL, NULL, NULL, 'em_analise', NULL, '177.51.2.58', '2026-01-13 17:17:49', NULL, NULL, 20, 0, 'PF'),
(115, 'precadastro', 'Mateus de Souza Silva', 'mateussouza.mt12@gmail.com', '83996494626', '10439793440', 'Campina Grande', 'PB', NULL, '3821400', 'Ssp-pb', '1998-04-14', NULL, NULL, '58412280', 'Rua Geógrafo Milton Almeida dos Santos', '433', 'BF2 Ap204', 'Aluízio Campos', 'Campina Residence', 'Casa Própria', 4, 8, 1, 0, NULL, NULL, NULL, 'em_analise', NULL, '177.51.2.58', '2026-01-13 17:19:36', 1, NULL, 20, 0, 'PF'),
(116, 'precadastro', 'Vera Lúcia paula da Silva', 'verapaulla456@gmail.com', '83996053702', '99651831472', 'Campina Grande', 'PB', 'Durante o dia', '1.811202', '', '1970-10-04', NULL, NULL, '58423050', 'Rua Teresina', '18b', 'Casa', 'Três Irmãs', 'Próximo ao safra', 'Casa Alugada', 23, 6, 1, 0, NULL, NULL, NULL, 'em_analise', NULL, '168.205.109.58', '2026-01-20 22:31:57', NULL, NULL, 20, 0, 'PF'),
(117, 'precadastro', 'Vera Lúcia paula da Silva', 'verapaulla456@gmail.com', '83996053702', '99651831472', 'Campina Grande', 'PB', NULL, '1.811202', '', '1970-10-04', NULL, NULL, '58423050', 'Rua Teresina', '18b', 'Casa', 'Três Irmãs', 'Próximo ao safra', 'Casa Alugada', 23, 6, 1, 0, NULL, NULL, NULL, 'em_analise', NULL, '168.205.109.58', '2026-01-20 22:34:10', NULL, NULL, 20, 0, 'PF'),
(118, 'precadastro', 'Vera Lúcia paula da Silva', 'verapaulla456@gmail.com', '83996053702', '99651831472', 'Campina Grande', 'PB', NULL, '1.811202', 'D.i.P.11', '1970-10-04', NULL, NULL, '58423050', 'Rua Teresina', '18b', 'Casa', 'Três Irmãs', 'Próximo ao safra material de contrucao', 'Casa Alugada', 23, 6, 1, 0, NULL, NULL, NULL, 'em_analise', NULL, '168.205.109.58', '2026-01-20 22:39:59', NULL, NULL, 20, 0, 'PF'),
(119, 'precadastro', 'Vera Lúcia paula da Silva', 'verapaulla456@gmail.com', '83996053702', '99651831472', 'Campina Grande', 'PB', NULL, '1.811202', 'SSP/PB', '1970-10-04', NULL, NULL, '58423050', 'Rua Teresina', '18b', 'Casa', 'Três Irmãs', 'Próximo ao safra material de contrucao', 'Casa Alugada', 23, 6, 1, 0, NULL, NULL, NULL, 'em_analise', NULL, '168.205.109.58', '2026-01-20 22:47:32', NULL, NULL, 20, 0, 'PF'),
(120, 'precadastro', 'Vera Lúcia paula da Silva', 'verapaulla456@gmail.com', '83996053702', '99651831472', 'Campina Grande', 'PB', NULL, '1.811202', 'SSP/PB', '1970-10-04', NULL, NULL, '58423050', 'Rua Teresina', '18b', 'Casa', 'Três Irmãs', 'Próximo ao safra material de contrucao', 'Casa Alugada', 23, 6, 1, 0, NULL, NULL, NULL, 'em_analise', NULL, '168.205.109.58', '2026-01-20 22:47:47', NULL, NULL, 20, 0, 'PF'),
(121, 'precadastro', 'Vera Lúcia paula da Silva', 'verapaulla456@gmail.com', '83996053702', '99651831472', 'Campina Grande', 'PB', 'De tarde', '1.811202', 'SSP/PB', '1970-10-04', NULL, NULL, '58423050', 'Rua Teresina', '18b', 'Casa', 'Três Irmãs', 'Próximo  ao  safra material de construção', 'Casa Alugada', 23, 6, 1, 0, NULL, NULL, NULL, 'em_analise', NULL, '168.205.109.58', '2026-01-20 23:02:26', NULL, NULL, 20, 0, 'PF'),
(122, 'precadastro', 'Marilucia Pereira', 'mariluciapereira4@gmail.com', '83987812206', '70923090428', 'Campina Grande', 'PB', NULL, '2129443', 'SSP/pb', '1975-03-09', NULL, NULL, '58423246', 'Rua Professor Ednaldo Rangel de Paiva', '15', 'A', 'Três Irmãs', 'Em cima da oficina transforma', 'Casa Própria', 23, 1, 1, 0, NULL, NULL, NULL, 'em_analise', NULL, '181.77.97.197', '2026-01-24 13:47:36', NULL, NULL, 20, 0, 'PF'),
(123, 'precadastro', 'José Jovino da silva', 'aylla_sophia.09.06@gmail.com', '83999711418', '13685805568', 'Campina Grande', 'PB', NULL, '13685805568', 'Pb', '1949-06-03', NULL, NULL, '58423028', 'Rua Volta Redonda', '182', 'Casa', 'Três Irmãs', 'Em frente ao galpão da prefeitura', 'Casa Própria', 23, 1, 1, 0, NULL, NULL, NULL, 'em_analise', NULL, '200.217.1.197', '2026-01-24 15:01:48', NULL, NULL, 20, 0, 'PF'),
(124, 'precadastro', 'Giovanni tavares silva', 'Giovannitavaressilva@gmail.com', '83999527373', '56837461400', 'Campina Grande', 'PB', NULL, '992756', 'SSP/PB', '1967-06-26', NULL, NULL, '58412280', 'Rua Geógrafo Milton Almeida dos Santos', '433', 'Apartamento', 'Aluízio Campos', NULL, 'Casa Alugada', 23, 4, 1, 0, NULL, NULL, NULL, 'em_analise', NULL, '177.37.144.130', '2026-01-26 15:57:11', NULL, NULL, 20, 0, 'PF');

--
-- Índices de tabela `cadastros`
--
ALTER TABLE `cadastros`
  ADD PRIMARY KEY (`id`),
  ADD KEY `fk_cadastro_status` (`status_processamento`),
  ADD KEY `fk_cadastro_cliente` (`cliente_portal_id`),
  ADD KEY `idx_cadastros_cpf_cnpj` (`cpf_cnpj`),
  ADD KEY `idx_cadastros_data_envio` (`data_envio`),
  ADD KEY `idx_cadastros_tipo_status` (`tipo`,`status_processamento`),
  ADD KEY `idx_cadastros_indicador_cpf` (`indicador_cpfcnpj`);

--
-- Índices de tabela `configuracoes`
--
ALTER TABLE `configuracoes`
  ADD PRIMARY KEY (`id`);

--
-- Índices de tabela `enum_admin_nivel_acesso`
--
ALTER TABLE `enum_admin_nivel_acesso`
  ADD PRIMARY KEY (`valor`);

--
-- Índices de tabela `enum_portal_status_acesso`
--
ALTER TABLE `enum_portal_status_acesso`
  ADD PRIMARY KEY (`valor`);

--
-- Índices de tabela `enum_portal_status_cliente`
--
ALTER TABLE `enum_portal_status_cliente`
  ADD PRIMARY KEY (`valor`);

--
-- Índices de tabela `enum_portal_status_equipamento`
--
ALTER TABLE `enum_portal_status_equipamento`
  ADD PRIMARY KEY (`valor`);

--
-- Índices de tabela `enum_portal_status_pagamento_fatura`
--
ALTER TABLE `enum_portal_status_pagamento_fatura`
  ADD PRIMARY KEY (`valor`);

--
-- Índices de tabela `enum_portal_status_solicitacao`
--
ALTER TABLE `enum_portal_status_solicitacao`
  ADD PRIMARY KEY (`valor`);

--
-- Índices de tabela `enum_portal_status_verificacao_comprovante`
--
ALTER TABLE `enum_portal_status_verificacao_comprovante`
  ADD PRIMARY KEY (`valor`);

--
-- Índices de tabela `enum_portal_tipo_equipamento`
--
ALTER TABLE `enum_portal_tipo_equipamento`
  ADD PRIMARY KEY (`valor`);

--
-- Índices de tabela `enum_portal_tipo_solicitacao`
--
ALTER TABLE `enum_portal_tipo_solicitacao`
  ADD PRIMARY KEY (`valor`);

--
-- Índices de tabela `enum_status_processamento_cadastro`
--
ALTER TABLE `enum_status_processamento_cadastro`
  ADD PRIMARY KEY (`valor`);

--
-- Índices de tabela `enum_status_processamento_tipo`
--
ALTER TABLE `enum_status_processamento_tipo`
  ADD PRIMARY KEY (`valor`);

--
-- Índices de tabela `enum_tipo_cadastro`
--
ALTER TABLE `enum_tipo_cadastro`
  ADD PRIMARY KEY (`valor`);

--
-- Índices de tabela `enum_tipo_pessoa`
--
ALTER TABLE `enum_tipo_pessoa`
  ADD PRIMARY KEY (`valor`);

--
-- Índices de tabela `portal_comprovantes`
--
ALTER TABLE `portal_comprovantes`
  ADD PRIMARY KEY (`id`),
  ADD UNIQUE KEY `nome_arquivo_armazenado` (`nome_arquivo_armazenado`),
  ADD KEY `idx_comprovantes_cliente_contrato` (`cliente_portal_id`,`contrato_id_sgp`),
  ADD KEY `idx_comprovantes_fatura_id_sgp` (`fatura_id_sgp`),
  ADD KEY `idx_comprovantes_status` (`status_verificacao`);

--
-- Índices de tabela `portal_equipamentos_comodato`
--
ALTER TABLE `portal_equipamentos_comodato`
  ADD PRIMARY KEY (`id`),
  ADD KEY `fk_equipamento_tipo` (`tipo_equipamento`),
  ADD KEY `fk_equipamento_status` (`status_equipamento`),
  ADD KEY `idx_equip_cliente_contrato` (`cliente_portal_id`,`contrato_id_sgp`),
  ADD KEY `idx_equip_mac_address` (`mac_address`),
  ADD KEY `idx_equip_numero_serie` (`numero_serie`);

--
-- Índices de tabela `portal_faturas`
--
ALTER TABLE `portal_faturas`
  ADD PRIMARY KEY (`id`),
  ADD UNIQUE KEY `uq_contrato_fatura_sgp` (`contrato_id_sgp`,`fatura_id_sgp`),
  ADD KEY `idx_faturas_cliente_contrato` (`cliente_portal_id`,`contrato_id_sgp`),
  ADD KEY `idx_faturas_data_vencimento` (`data_vencimento`),
  ADD KEY `idx_faturas_status_pagamento` (`status_pagamento`);

--
-- Índices de tabela `portal_logs_acesso`
--
ALTER TABLE `portal_logs_acesso`
  ADD PRIMARY KEY (`id`),
  ADD KEY `fk_log_acesso_status` (`status`),
  ADD KEY `idx_logs_acesso_cliente` (`cliente_portal_id`),
  ADD KEY `idx_logs_acesso_cpf` (`cpf_cnpj_tentativa`),
  ADD KEY `idx_logs_acesso_data` (`data_tentativa`);

--
-- Índices de tabela `portal_logs_acoes`
--
ALTER TABLE `portal_logs_acoes`
  ADD PRIMARY KEY (`id`),
  ADD KEY `idx_logs_acoes_cliente_contrato_acao` (`cliente_portal_id`,`contrato_id_sgp`,`acao_realizada`),
  ADD KEY `idx_logs_acoes_data` (`data_acao`);

--
-- Índices de tabela `portal_pagamentos_pix`
--
ALTER TABLE `portal_pagamentos_pix`
  ADD PRIMARY KEY (`id`),
  ADD KEY `idx_pix_cliente_status` (`cliente_portal_id`,`status_gateway`),
  ADD KEY `idx_pix_fatura` (`fatura_id`),
  ADD KEY `idx_pix_gateway_trans_id` (`gateway_transaction_id`);

--
-- Índices de tabela `portal_promessas_pagamento`
--
ALTER TABLE `portal_promessas_pagamento`
  ADD PRIMARY KEY (`id`),
  ADD KEY `idx_promessas_cliente_contrato_mes` (`cliente_portal_id`,`contrato_id_sgp`,`mes_referencia`),
  ADD KEY `idx_promessas_log_acao` (`log_acao_id`);

--
-- Índices de tabela `portal_solicitacoes`
--
ALTER TABLE `portal_solicitacoes`
  ADD PRIMARY KEY (`id`),
  ADD KEY `fk_solicitacao_status` (`status_solicitacao`),
  ADD KEY `idx_solicitacoes_cliente_contrato` (`cliente_portal_id`,`contrato_id_sgp`),
  ADD KEY `idx_solicitacoes_data` (`data_solicitacao`),
  ADD KEY `idx_solicitacoes_tipo_status` (`tipo_solicitacao`,`status_solicitacao`);

--
-- Índices de tabela `precadastros`
--
ALTER TABLE `precadastros`
  ADD PRIMARY KEY (`id`),
  ADD KEY `fk_precadastro_status` (`status_processamento`),
  ADD KEY `fk_precadastro_tipo_pessoa` (`tipo_pessoa`),
  ADD KEY `idx_precadastros_cpf_cnpj` (`cpf_cnpj`),
  ADD KEY `idx_precadastros_data_envio` (`data_envio`),
  ADD KEY `idx_precadastros_tipo_status` (`tipo`,`status_processamento`),
  ADD KEY `idx_precadastros_indicador_cpf` (`indicador_cpfcnpj`);

--
-- AUTO_INCREMENT de tabela `cadastros`
--
ALTER TABLE `cadastros`
  MODIFY `id` int NOT NULL AUTO_INCREMENT;

--
-- AUTO_INCREMENT de tabela `portal_comprovantes`
--
ALTER TABLE `portal_comprovantes`
  MODIFY `id` int NOT NULL AUTO_INCREMENT;

--
-- AUTO_INCREMENT de tabela `portal_equipamentos_comodato`
--
ALTER TABLE `portal_equipamentos_comodato`
  MODIFY `id` int NOT NULL AUTO_INCREMENT;

--
-- AUTO_INCREMENT de tabela `portal_faturas`
--
ALTER TABLE `portal_faturas`
  MODIFY `id` int NOT NULL AUTO_INCREMENT;

--
-- AUTO_INCREMENT de tabela `portal_logs_acesso`
--
ALTER TABLE `portal_logs_acesso`
  MODIFY `id` bigint NOT NULL AUTO_INCREMENT;

--
-- AUTO_INCREMENT de tabela `portal_logs_acoes`
--
ALTER TABLE `portal_logs_acoes`
  MODIFY `id` bigint NOT NULL AUTO_INCREMENT;

--
-- AUTO_INCREMENT de tabela `portal_pagamentos_pix`
--
ALTER TABLE `portal_pagamentos_pix`
  MODIFY `id` bigint NOT NULL AUTO_INCREMENT;

--
-- AUTO_INCREMENT de tabela `portal_promessas_pagamento`
--
ALTER TABLE `portal_promessas_pagamento`
  MODIFY `id` int NOT NULL AUTO_INCREMENT;

--
-- AUTO_INCREMENT de tabela `portal_solicitacoes`
--
ALTER TABLE `portal_solicitacoes`
  MODIFY `id` int NOT NULL AUTO_INCREMENT;

--
-- AUTO_INCREMENT de tabela `precadastros`
--
ALTER TABLE `precadastros`
  MODIFY `id` int NOT NULL AUTO_INCREMENT, AUTO_INCREMENT=125;

--
-- Restrições para tabelas `cadastros`
--
ALTER TABLE `cadastros`
  ADD CONSTRAINT `fk_cadastro_cliente` FOREIGN KEY (`cliente_portal_id`) REFERENCES `clientes_portal` (`id`) ON DELETE SET NULL,
  ADD CONSTRAINT `fk_cadastro_status` FOREIGN KEY (`status_processamento`) REFERENCES `enum_status_processamento_cadastro` (`valor`),
  ADD CONSTRAINT `fk_cadastro_tipo` FOREIGN KEY (`tipo`) REFERENCES `enum_tipo_cadastro` (`valor`);

--
-- Restrições para tabelas `portal_comprovantes`
--
ALTER TABLE `portal_comprovantes`
  ADD CONSTRAINT `fk_comprovante_cliente` FOREIGN KEY (`cliente_portal_id`) REFERENCES `clientes_portal` (`id`) ON DELETE CASCADE,
  ADD CONSTRAINT `fk_comprovante_status` FOREIGN KEY (`status_verificacao`) REFERENCES `enum_portal_status_verificacao_comprovante` (`valor`);

--
-- Restrições para tabelas `portal_equipamentos_comodato`
--
ALTER TABLE `portal_equipamentos_comodato`
  ADD CONSTRAINT `fk_equipamento_cliente` FOREIGN KEY (`cliente_portal_id`) REFERENCES `clientes_portal` (`id`) ON DELETE CASCADE,
  ADD CONSTRAINT `fk_equipamento_status` FOREIGN KEY (`status_equipamento`) REFERENCES `enum_portal_status_equipamento` (`valor`),
  ADD CONSTRAINT `fk_equipamento_tipo` FOREIGN KEY (`tipo_equipamento`) REFERENCES `enum_portal_tipo_equipamento` (`valor`);

--
-- Restrições para tabelas `portal_faturas`
--
ALTER TABLE `portal_faturas`
  ADD CONSTRAINT `fk_fatura_cliente` FOREIGN KEY (`cliente_portal_id`) REFERENCES `clientes_portal` (`id`) ON DELETE CASCADE,
  ADD CONSTRAINT `fk_fatura_status` FOREIGN KEY (`status_pagamento`) REFERENCES `enum_portal_status_pagamento_fatura` (`valor`);

--
-- Restrições para tabelas `portal_logs_acesso`
--
ALTER TABLE `portal_logs_acesso`
  ADD CONSTRAINT `fk_log_acesso_cliente` FOREIGN KEY (`cliente_portal_id`) REFERENCES `clientes_portal` (`id`) ON DELETE SET NULL,
  ADD CONSTRAINT `fk_log_acesso_status` FOREIGN KEY (`status`) REFERENCES `enum_portal_status_acesso` (`valor`);

--
-- Restrições para tabelas `portal_logs_acoes`
--
ALTER TABLE `portal_logs_acoes`
  ADD CONSTRAINT `fk_log_acao_cliente` FOREIGN KEY (`cliente_portal_id`) REFERENCES `clientes_portal` (`id`) ON DELETE CASCADE;

--
-- Restrições para tabelas `portal_pagamentos_pix`
--
ALTER TABLE `portal_pagamentos_pix`
  ADD CONSTRAINT `fk_pix_cliente` FOREIGN KEY (`cliente_portal_id`) REFERENCES `clientes_portal` (`id`) ON DELETE CASCADE,
  ADD CONSTRAINT `fk_pix_fatura` FOREIGN KEY (`fatura_id`) REFERENCES `portal_faturas` (`id`) ON DELETE RESTRICT;

--
-- Restrições para tabelas `portal_promessas_pagamento`
--
ALTER TABLE `portal_promessas_pagamento`
  ADD CONSTRAINT `fk_promessa_cliente` FOREIGN KEY (`cliente_portal_id`) REFERENCES `clientes_portal` (`id`) ON DELETE CASCADE,
  ADD CONSTRAINT `fk_promessa_log_acao` FOREIGN KEY (`log_acao_id`) REFERENCES `portal_logs_acoes` (`id`) ON DELETE SET NULL;

--
-- Restrições para tabelas `portal_solicitacoes`
--
ALTER TABLE `portal_solicitacoes`
  ADD CONSTRAINT `fk_solicitacao_cliente` FOREIGN KEY (`cliente_portal_id`) REFERENCES `clientes_portal` (`id`) ON DELETE CASCADE,
  ADD CONSTRAINT `fk_solicitacao_status` FOREIGN KEY (`status_solicitacao`) REFERENCES `enum_portal_status_solicitacao` (`valor`),
  ADD CONSTRAINT `fk_solicitacao_tipo` FOREIGN KEY (`tipo_solicitacao`) REFERENCES `enum_portal_tipo_solicitacao` (`valor`);

--
-- Restrições para tabelas `precadastros`
--
ALTER TABLE `precadastros`
  ADD CONSTRAINT `fk_precadastro_status` FOREIGN KEY (`status_processamento`) REFERENCES `enum_status_processamento_tipo` (`valor`),
  ADD CONSTRAINT `fk_precadastro_tipo` FOREIGN KEY (`tipo`) REFERENCES `enum_tipo_cadastro` (`valor`),
  ADD CONSTRAINT `fk_precadastro_tipo_pessoa` FOREIGN KEY (`tipo_pessoa`) REFERENCES `enum_tipo_pessoa` (`valor`);
COMMIT;

